Last updated on 2025-02-21 03:52:08 CET.
Flavor | Version | Tinstall | Tcheck | Ttotal | Status | Flags |
---|---|---|---|---|---|---|
r-devel-linux-x86_64-debian-clang | 0.4.7 | 3.99 | 223.54 | 227.53 | OK | |
r-devel-linux-x86_64-debian-gcc | 0.4.7 | 2.69 | 150.54 | 153.23 | OK | |
r-devel-linux-x86_64-fedora-clang | 0.4.7 | 352.12 | OK | |||
r-devel-linux-x86_64-fedora-gcc | 0.4.7 | 364.10 | OK | |||
r-devel-macos-arm64 | 0.4.7 | 111.00 | OK | |||
r-devel-macos-x86_64 | 0.4.7 | 233.00 | OK | |||
r-devel-windows-x86_64 | 0.4.7 | 7.00 | 236.00 | 243.00 | OK | |
r-patched-linux-x86_64 | 0.4.7 | 4.29 | 210.62 | 214.91 | OK | |
r-release-linux-x86_64 | 0.4.7 | 3.54 | 209.59 | 213.13 | OK | |
r-release-macos-arm64 | 0.4.7 | 108.00 | OK | |||
r-release-macos-x86_64 | 0.4.7 | 182.00 | OK | |||
r-release-windows-x86_64 | 0.4.7 | 6.00 | 224.00 | 230.00 | OK | |
r-oldrel-macos-arm64 | 0.4.7 | 116.00 | OK | |||
r-oldrel-macos-x86_64 | 0.4.7 | 346.00 | NOTE | |||
r-oldrel-windows-x86_64 | 0.4.7 | 6.00 | 291.00 | 297.00 | OK |
Version: 0.4.7
Check: installed package size
Result: NOTE
installed size is 5.5Mb
sub-directories of 1Mb or more:
data 3.1Mb
doc 2.1Mb
Flavor: r-oldrel-macos-x86_64