Last updated on 2025-04-30 04:50:01 CEST.
Flavor | Version | Tinstall | Tcheck | Ttotal | Status | Flags |
---|---|---|---|---|---|---|
r-devel-linux-x86_64-debian-clang | 0.4.7 | 3.58 | 220.96 | 224.54 | NOTE | |
r-devel-linux-x86_64-debian-gcc | 0.4.7 | 3.08 | 147.76 | 150.84 | OK | |
r-devel-linux-x86_64-fedora-clang | 0.4.7 | 348.45 | OK | |||
r-devel-linux-x86_64-fedora-gcc | 0.4.7 | 362.95 | OK | |||
r-devel-windows-x86_64 | 0.4.7 | 6.00 | 229.00 | 235.00 | OK | |
r-patched-linux-x86_64 | 0.4.7 | 4.11 | 213.55 | 217.66 | OK | |
r-release-linux-x86_64 | 0.4.7 | 3.62 | 214.95 | 218.57 | OK | |
r-release-macos-arm64 | 0.4.7 | 129.00 | OK | |||
r-release-macos-x86_64 | 0.4.7 | 239.00 | OK | |||
r-release-windows-x86_64 | 0.4.7 | 7.00 | 229.00 | 236.00 | OK | |
r-oldrel-macos-arm64 | 0.4.7 | 108.00 | OK | |||
r-oldrel-macos-x86_64 | 0.4.7 | 182.00 | OK | |||
r-oldrel-windows-x86_64 | 0.4.7 | 7.00 | 304.00 | 311.00 | OK |
Version: 0.4.7
Check: examples
Result: NOTE
Examples with CPU (user + system) or elapsed time > 5s
user system elapsed
summary_c2c 4.821 0.182 7.317
cat_apply_freq 2.850 0.860 5.299
Flavor: r-devel-linux-x86_64-debian-clang