Last updated on 2025-04-30 04:50:01 CEST.
Flavor | Version | Tinstall | Tcheck | Ttotal | Status | Flags |
---|---|---|---|---|---|---|
r-devel-linux-x86_64-debian-clang | 1.5.0 | 111.76 | 129.53 | 241.29 | NOTE | |
r-devel-linux-x86_64-debian-gcc | 1.5.0 | 71.73 | 86.90 | 158.63 | NOTE | |
r-devel-linux-x86_64-fedora-clang | 1.5.0 | 456.85 | NOTE | |||
r-devel-linux-x86_64-fedora-gcc | 1.5.0 | 397.18 | NOTE | |||
r-devel-windows-x86_64 | 1.5.0 | 152.00 | 160.00 | 312.00 | NOTE | |
r-patched-linux-x86_64 | 1.5.0 | 105.37 | 121.85 | 227.22 | NOTE | |
r-release-linux-x86_64 | 1.5.0 | 109.05 | 121.10 | 230.15 | NOTE | |
r-release-macos-arm64 | 1.5.0 | 114.00 | NOTE | |||
r-release-macos-x86_64 | 1.5.0 | 143.00 | NOTE | |||
r-release-windows-x86_64 | 1.5.0 | 153.00 | 170.00 | 323.00 | NOTE | |
r-oldrel-macos-arm64 | 1.5.0 | 58.00 | NOTE | |||
r-oldrel-macos-x86_64 | 1.5.0 | 80.00 | NOTE | |||
r-oldrel-windows-x86_64 | 1.5.0 | 166.00 | 205.00 | 371.00 | NOTE |
Version: 1.5.0
Check: C++ specification
Result: NOTE
Specified C++11: please drop specification unless essential
Flavors: r-devel-linux-x86_64-debian-clang, r-devel-linux-x86_64-debian-gcc, r-devel-linux-x86_64-fedora-clang, r-devel-linux-x86_64-fedora-gcc, r-devel-windows-x86_64, r-patched-linux-x86_64, r-release-linux-x86_64, r-release-macos-arm64, r-release-macos-x86_64, r-release-windows-x86_64, r-oldrel-macos-arm64, r-oldrel-macos-x86_64, r-oldrel-windows-x86_64
Version: 1.5.0
Check: installed package size
Result: NOTE
installed size is 7.1Mb
sub-directories of 1Mb or more:
libs 6.2Mb
Flavors: r-oldrel-macos-arm64, r-oldrel-macos-x86_64
Version: 1.5.0
Check: for GNU extensions in Makefiles
Result: NOTE
GNU make is a SystemRequirements.
Flavors: r-oldrel-macos-arm64, r-oldrel-macos-x86_64, r-oldrel-windows-x86_64