Last updated on 2025-11-04 03:50:45 CET.
| Flavor | Version | Tinstall | Tcheck | Ttotal | Status | Flags | 
|---|---|---|---|---|---|---|
| r-devel-linux-x86_64-debian-clang | 1.3.7 | 11.31 | 36.97 | 48.28 | NOTE | |
| r-devel-linux-x86_64-debian-gcc | 1.3.7 | 7.69 | 27.60 | 35.29 | NOTE | |
| r-devel-linux-x86_64-fedora-clang | 1.3.7 | 21.00 | 50.89 | 71.89 | NOTE | |
| r-devel-linux-x86_64-fedora-gcc | 1.3.7 | 58.00 | 18.62 | 76.62 | NOTE | |
| r-devel-windows-x86_64 | 1.3.7 | 13.00 | 53.00 | 66.00 | NOTE | |
| r-patched-linux-x86_64 | 1.3.7 | 10.73 | 34.78 | 45.51 | OK | |
| r-release-linux-x86_64 | 1.3.7 | 10.75 | 34.16 | 44.91 | OK | |
| r-release-macos-arm64 | 1.3.7 | 7.00 | 20.00 | 27.00 | OK | |
| r-release-macos-x86_64 | 1.3.7 | 17.00 | 38.00 | 55.00 | OK | |
| r-release-windows-x86_64 | 1.3.7 | 13.00 | 52.00 | 65.00 | OK | |
| r-oldrel-macos-arm64 | 1.3.7 | 6.00 | 23.00 | 29.00 | OK | |
| r-oldrel-macos-x86_64 | 1.3.7 | 9.00 | 29.00 | 38.00 | OK | |
| r-oldrel-windows-x86_64 | 1.3.7 | 14.00 | 53.00 | 67.00 | OK | 
Version: 1.3.7
Check: CRAN incoming feasibility
Result: NOTE
  Maintainer: ‘Masami Saga <msaga@mtb.biglobe.ne.jp>’
  
  No Authors@R field in DESCRIPTION.
  Please add one, modifying
    Authors@R: c(person(given = c("The", "Institute", "of", "Statistical"),
                        family = "Mathematics",
                        role = "aut"),
                 person(given = "Masami",
                        family = "Saga",
                        role = "cre",
                        email = "msaga@mtb.biglobe.ne.jp"))
  as necessary.
Flavors: r-devel-linux-x86_64-debian-clang, r-devel-linux-x86_64-debian-gcc
Version: 1.3.7
Check: Rd files
Result: NOTE
  checkRd: (-1) MissingHealthData.Rd:20-29: Only 4 columns allowed in this table (row 1 has 3)
Flavors: r-devel-linux-x86_64-debian-clang, r-devel-linux-x86_64-debian-gcc, r-devel-linux-x86_64-fedora-clang, r-devel-linux-x86_64-fedora-gcc, r-devel-windows-x86_64