Last updated on 2025-04-30 04:50:01 CEST.
Flavor | Version | Tinstall | Tcheck | Ttotal | Status | Flags |
---|---|---|---|---|---|---|
r-devel-linux-x86_64-debian-clang | 0.99.4 | 50.03 | 350.10 | 400.13 | NOTE | |
r-devel-linux-x86_64-debian-gcc | 0.99.4 | 32.99 | 224.83 | 257.82 | NOTE | |
r-devel-linux-x86_64-fedora-clang | 0.99.4 | 671.47 | OK | |||
r-devel-linux-x86_64-fedora-gcc | 0.99.4 | 586.26 | OK | |||
r-devel-windows-x86_64 | 0.99.4 | 42.00 | 278.00 | 320.00 | OK | |
r-patched-linux-x86_64 | 0.99.4 | 43.38 | 331.25 | 374.63 | OK | |
r-release-linux-x86_64 | 0.99.4 | 45.45 | 329.43 | 374.88 | OK | |
r-release-macos-arm64 | 0.99.4 | 169.00 | OK | |||
r-release-macos-x86_64 | 0.99.4 | 306.00 | OK | |||
r-release-windows-x86_64 | 0.99.4 | 43.00 | 278.00 | 321.00 | OK | |
r-oldrel-macos-arm64 | 0.99.4 | 130.00 | OK | |||
r-oldrel-macos-x86_64 | 0.99.4 | 205.00 | OK | |||
r-oldrel-windows-x86_64 | 0.99.4 | 58.00 | 392.00 | 450.00 | OK |
Version: 0.99.4
Check: CRAN incoming feasibility
Result: NOTE
Maintainer: ‘Adrien Taudiere <adrien.taudiere@tutanota.com>’
Package CITATION file contains call(s) to old-style citEntry(). Please
use bibentry() instead.
Flavors: r-devel-linux-x86_64-debian-clang, r-devel-linux-x86_64-debian-gcc