CRAN Package Check Results for Package catmaply

Last updated on 2025-04-30 04:50:01 CEST.

Flavor Version Tinstall Tcheck Ttotal Status Flags
r-devel-linux-x86_64-debian-clang 0.9.4 4.26 78.88 83.14 OK
r-devel-linux-x86_64-debian-gcc 0.9.4 2.64 61.71 64.35 OK
r-devel-linux-x86_64-fedora-clang 0.9.4 137.23 OK
r-devel-linux-x86_64-fedora-gcc 0.9.4 143.91 OK
r-devel-windows-x86_64 0.9.4 7.00 102.00 109.00 OK
r-patched-linux-x86_64 0.9.4 3.92 76.81 80.73 OK
r-release-linux-x86_64 0.9.4 3.78 82.71 86.49 OK
r-release-macos-arm64 0.9.4 53.00 OK
r-release-macos-x86_64 0.9.4 96.00 OK
r-release-windows-x86_64 0.9.4 7.00 99.00 106.00 OK
r-oldrel-macos-arm64 0.9.4 59.00 NOTE
r-oldrel-macos-x86_64 0.9.4 83.00 NOTE
r-oldrel-windows-x86_64 0.9.4 6.00 135.00 141.00 NOTE

Check Details

Version: 0.9.4
Check: installed package size
Result: NOTE installed size is 20.2Mb sub-directories of 1Mb or more: doc 19.9Mb Flavors: r-oldrel-macos-arm64, r-oldrel-macos-x86_64, r-oldrel-windows-x86_64