Last updated on 2025-04-30 04:50:01 CEST.
Flavor | Version | Tinstall | Tcheck | Ttotal | Status | Flags |
---|---|---|---|---|---|---|
r-devel-linux-x86_64-debian-clang | 0.2.4 | 31.49 | 147.01 | 178.50 | NOTE | |
r-devel-linux-x86_64-debian-gcc | 0.2.4 | 25.99 | 85.92 | 111.91 | OK | |
r-devel-linux-x86_64-fedora-clang | 0.2.4 | 285.89 | OK | |||
r-devel-linux-x86_64-fedora-gcc | 0.2.4 | 317.09 | OK | |||
r-devel-windows-x86_64 | 0.2.4 | 43.00 | 179.00 | 222.00 | OK | |
r-patched-linux-x86_64 | 0.2.4 | 37.58 | 133.19 | 170.77 | OK | |
r-release-linux-x86_64 | 0.2.4 | 35.52 | 134.09 | 169.61 | OK | |
r-release-macos-arm64 | 0.2.4 | 95.00 | OK | |||
r-release-macos-x86_64 | 0.2.4 | 182.00 | OK | |||
r-release-windows-x86_64 | 0.2.4 | 43.00 | 184.00 | 227.00 | OK | |
r-oldrel-macos-arm64 | 0.2.4 | 83.00 | NOTE | |||
r-oldrel-macos-x86_64 | 0.2.4 | 169.00 | NOTE | |||
r-oldrel-windows-x86_64 | 0.2.4 | 45.00 | 218.00 | 263.00 | OK |
Version: 0.2.4
Check: examples
Result: NOTE
Examples with CPU (user + system) or elapsed time > 5s
user system elapsed
catmssim_2d 5.143 0.105 7.888
Flavor: r-devel-linux-x86_64-debian-clang
Version: 0.2.4
Check: installed package size
Result: NOTE
installed size is 6.6Mb
sub-directories of 1Mb or more:
libs 6.4Mb
Flavors: r-oldrel-macos-arm64, r-oldrel-macos-x86_64