Last updated on 2025-11-04 03:50:46 CET.
| Flavor | Version | Tinstall | Tcheck | Ttotal | Status | Flags | 
|---|---|---|---|---|---|---|
| r-devel-linux-x86_64-debian-clang | 1.0.0 | 6.21 | 96.48 | 102.69 | NOTE | |
| r-devel-linux-x86_64-debian-gcc | 1.0.0 | 4.16 | 65.49 | 69.65 | NOTE | |
| r-devel-linux-x86_64-fedora-clang | 1.0.0 | 12.00 | 145.81 | 157.81 | NOTE | |
| r-devel-linux-x86_64-fedora-gcc | 1.0.0 | 27.00 | 151.51 | 178.51 | NOTE | |
| r-devel-windows-x86_64 | 1.0.0 | 9.00 | 104.00 | 113.00 | NOTE | |
| r-patched-linux-x86_64 | 1.0.0 | 6.24 | 88.85 | 95.09 | NOTE | |
| r-release-linux-x86_64 | 1.0.0 | 6.40 | 89.71 | 96.11 | NOTE | |
| r-release-macos-arm64 | 1.0.0 | 3.00 | 65.00 | 68.00 | NOTE | |
| r-release-macos-x86_64 | 1.0.0 | 6.00 | 118.00 | 124.00 | NOTE | |
| r-release-windows-x86_64 | 1.0.0 | 10.00 | 101.00 | 111.00 | NOTE | |
| r-oldrel-macos-arm64 | 1.0.0 | 3.00 | 50.00 | 53.00 | OK | |
| r-oldrel-macos-x86_64 | 1.0.0 | 6.00 | 83.00 | 89.00 | OK | |
| r-oldrel-windows-x86_64 | 1.0.0 | 11.00 | 135.00 | 146.00 | OK | 
Version: 1.0.0
Check: DESCRIPTION meta-information
Result: NOTE
    Missing dependency on R >= 4.1.0 because package code uses the pipe
    |> or function shorthand \(...) syntax added in R 4.1.0.
    File(s) using such syntax:
      ‘causal-model.R’ ‘check-linearity.R’ ‘deprecated.R’
      ‘translation-modules.R’ ‘utils.R’
Flavors: r-devel-linux-x86_64-debian-clang, r-devel-linux-x86_64-debian-gcc, r-devel-linux-x86_64-fedora-clang, r-devel-linux-x86_64-fedora-gcc, r-devel-windows-x86_64, r-patched-linux-x86_64, r-release-linux-x86_64, r-release-macos-arm64, r-release-macos-x86_64, r-release-windows-x86_64