CRAN Package Check Results for Package cbinom

Last updated on 2025-04-30 04:50:01 CEST.

Flavor Version Tinstall Tcheck Ttotal Status Flags
r-devel-linux-x86_64-debian-clang 1.6 10.92 22.50 33.42 NOTE
r-devel-linux-x86_64-debian-gcc 1.6 8.37 18.00 26.37 NOTE
r-devel-linux-x86_64-fedora-clang 1.6 56.33 OK
r-devel-linux-x86_64-fedora-gcc 1.6 55.11 OK
r-devel-windows-x86_64 1.6 15.00 68.00 83.00 OK
r-patched-linux-x86_64 1.6 11.68 21.65 33.33 OK
r-release-linux-x86_64 1.6 12.09 21.64 33.73 OK
r-release-macos-arm64 1.6 23.00 OK
r-release-macos-x86_64 1.6 38.00 OK
r-release-windows-x86_64 1.6 14.00 64.00 78.00 OK
r-oldrel-macos-arm64 1.6 26.00 OK
r-oldrel-macos-x86_64 1.6 33.00 OK
r-oldrel-windows-x86_64 1.6 16.00 73.00 89.00 OK

Check Details

Version: 1.6
Check: CRAN incoming feasibility
Result: NOTE Maintainer: ‘Dan Dalthorp <ddalthorp@protonmail.com>’ No Authors@R field in DESCRIPTION. Please add one, modifying Authors@R: person(given = "Dan", family = "Dalthorp", role = c("aut", "cre"), email = "ddalthorp@protonmail.com") as necessary. The Description field contains (2013) <arXiv:1303.5990>. Please refer to arXiv e-prints via their arXiv DOI <doi:10.48550/arXiv.YYMM.NNNNN>. Flavors: r-devel-linux-x86_64-debian-clang, r-devel-linux-x86_64-debian-gcc