Last updated on 2025-04-30 04:50:01 CEST.
Flavor | Version | Tinstall | Tcheck | Ttotal | Status | Flags |
---|---|---|---|---|---|---|
r-devel-linux-x86_64-debian-clang | 0.2.0.4 | 1470.84 | 179.02 | 1649.86 | OK | |
r-devel-linux-x86_64-debian-gcc | 0.2.0.4 | 1369.85 | 232.49 | 1602.34 | OK | |
r-devel-linux-x86_64-fedora-clang | 0.2.0.4 | 2653.49 | OK | |||
r-devel-linux-x86_64-fedora-gcc | 0.2.0.4 | 3850.67 | OK | |||
r-devel-windows-x86_64 | 0.2.0.4 | 1678.00 | 348.00 | 2026.00 | OK | |
r-patched-linux-x86_64 | 0.2.0.4 | 1825.71 | 334.09 | 2159.80 | OK | |
r-release-linux-x86_64 | 0.2.0.4 | 1824.88 | 333.45 | 2158.33 | OK | |
r-release-macos-arm64 | 0.2.0.4 | 639.00 | OK | |||
r-release-macos-x86_64 | 0.2.0.4 | 521.00 | OK | |||
r-release-windows-x86_64 | 0.2.0.4 | 1677.00 | 332.00 | 2009.00 | OK | |
r-oldrel-macos-arm64 | 0.2.0.4 | 461.00 | NOTE | |||
r-oldrel-macos-x86_64 | 0.2.0.4 | 547.00 | NOTE | |||
r-oldrel-windows-x86_64 | 0.2.0.4 | 1832.00 | 396.00 | 2228.00 | NOTE |
Version: 0.2.0.4
Check: installed package size
Result: NOTE
installed size is 168.4Mb
sub-directories of 1Mb or more:
libs 167.9Mb
Flavors: r-oldrel-macos-arm64, r-oldrel-macos-x86_64, r-oldrel-windows-x86_64
Version: 0.2.0.4
Check: for GNU extensions in Makefiles
Result: NOTE
GNU make is a SystemRequirements.
Flavors: r-oldrel-macos-arm64, r-oldrel-macos-x86_64, r-oldrel-windows-x86_64