Last updated on 2025-11-03 03:49:36 CET.
| Flavor | Version | Tinstall | Tcheck | Ttotal | Status | Flags |
|---|---|---|---|---|---|---|
| r-devel-linux-x86_64-debian-clang | 1.0.6 | 14.17 | 126.01 | 140.18 | NOTE | |
| r-devel-linux-x86_64-debian-gcc | 1.0.6 | 10.35 | 89.74 | 100.09 | NOTE | |
| r-devel-linux-x86_64-fedora-clang | 1.0.6 | 79.00 | 157.17 | 236.17 | NOTE | |
| r-devel-linux-x86_64-fedora-gcc | 1.0.6 | 67.00 | 159.94 | 226.94 | NOTE | |
| r-devel-windows-x86_64 | 1.0.6 | 16.00 | 119.00 | 135.00 | NOTE | |
| r-patched-linux-x86_64 | 1.0.6 | 13.40 | 120.07 | 133.47 | NOTE | |
| r-release-linux-x86_64 | 1.0.6 | 14.04 | 120.28 | 134.32 | NOTE | |
| r-release-macos-arm64 | 1.0.6 | 7.00 | 52.00 | 59.00 | NOTE | |
| r-release-macos-x86_64 | 1.0.6 | 13.00 | 94.00 | 107.00 | NOTE | |
| r-release-windows-x86_64 | 1.0.6 | 16.00 | 117.00 | 133.00 | NOTE | |
| r-oldrel-macos-arm64 | 1.0.6 | 7.00 | 54.00 | 61.00 | NOTE | |
| r-oldrel-macos-x86_64 | 1.0.6 | 10.00 | 74.00 | 84.00 | NOTE | |
| r-oldrel-windows-x86_64 | 1.0.6 | 23.00 | 153.00 | 176.00 | NOTE |
Version: 1.0.6
Check: package subdirectories
Result: NOTE
Problems with news in ‘NEWS.md’:
No news entries found.
Flavors: r-devel-linux-x86_64-debian-clang, r-devel-linux-x86_64-debian-gcc, r-devel-linux-x86_64-fedora-clang, r-devel-linux-x86_64-fedora-gcc, r-devel-windows-x86_64, r-patched-linux-x86_64, r-release-linux-x86_64, r-release-macos-arm64, r-release-macos-x86_64, r-release-windows-x86_64, r-oldrel-macos-arm64, r-oldrel-macos-x86_64, r-oldrel-windows-x86_64