Last updated on 2025-04-30 04:50:01 CEST.
Flavor | Version | Tinstall | Tcheck | Ttotal | Status | Flags |
---|---|---|---|---|---|---|
r-devel-linux-x86_64-debian-clang | 0.3.5 | 6.07 | 34.25 | 40.32 | NOTE | |
r-devel-linux-x86_64-debian-gcc | 0.3.5 | 3.50 | 25.59 | 29.09 | NOTE | |
r-devel-linux-x86_64-fedora-clang | 0.3.5 | 62.26 | OK | |||
r-devel-linux-x86_64-fedora-gcc | 0.3.5 | 57.95 | OK | |||
r-devel-windows-x86_64 | 0.3.5 | 6.00 | 54.00 | 60.00 | OK | |
r-patched-linux-x86_64 | 0.3.5 | 4.90 | 32.12 | 37.02 | OK | |
r-release-linux-x86_64 | 0.3.5 | 5.69 | 31.45 | 37.14 | OK | |
r-release-macos-arm64 | 0.3.5 | 23.00 | OK | |||
r-release-macos-x86_64 | 0.3.5 | 37.00 | OK | |||
r-release-windows-x86_64 | 0.3.5 | 6.00 | 53.00 | 59.00 | OK | |
r-oldrel-macos-arm64 | 0.3.5 | 26.00 | OK | |||
r-oldrel-macos-x86_64 | 0.3.5 | 38.00 | OK | |||
r-oldrel-windows-x86_64 | 0.3.5 | 8.00 | 59.00 | 67.00 | OK |
Version: 0.3.5
Check: DESCRIPTION meta-information
Result: NOTE
Author field differs from that derived from Authors@R
Author: ‘Ang Yu [aut, cre, cph] (<https://ang-yu.github.io/>, <https://orcid.org/0000-0002-1828-0165>)’
Authors@R: ‘Ang Yu [aut, cre, cph] (website: <https://ang-yu.github.io/>, ORCID: <https://orcid.org/0000-0002-1828-0165>)’
Flavors: r-devel-linux-x86_64-debian-clang, r-devel-linux-x86_64-debian-gcc