CRAN Package Check Results for Package cdparcoord

Last updated on 2025-04-30 04:50:01 CEST.

Flavor Version Tinstall Tcheck Ttotal Status Flags
r-devel-linux-x86_64-debian-clang 1.0.1 16.47 127.51 143.98 NOTE
r-devel-linux-x86_64-debian-gcc 1.0.1 10.23 89.69 99.92 NOTE
r-devel-linux-x86_64-fedora-clang 1.0.1 203.18 OK
r-devel-linux-x86_64-fedora-gcc 1.0.1 206.35 OK
r-devel-windows-x86_64 1.0.1 16.00 125.00 141.00 OK
r-patched-linux-x86_64 1.0.1 13.63 115.23 128.86 OK
r-release-linux-x86_64 1.0.1 13.87 115.10 128.97 OK
r-release-macos-arm64 1.0.1 65.00 OK
r-release-macos-x86_64 1.0.1 114.00 OK
r-release-windows-x86_64 1.0.1 18.00 118.00 136.00 OK
r-oldrel-macos-arm64 1.0.1 65.00 OK
r-oldrel-macos-x86_64 1.0.1 98.00 OK
r-oldrel-windows-x86_64 1.0.1 22.00 156.00 178.00 OK

Check Details

Version: 1.0.1
Check: CRAN incoming feasibility
Result: NOTE Maintainer: ‘Norm Matloff <normmatloff@gmail.com>’ No Authors@R field in DESCRIPTION. Please add one, modifying Authors@R: c(person(given = "Norm", family = "Matloff", role = c("aut", "cre"), email = "normmatloff@gmail.com"), person(given = "Vincent", family = "Yang", role = "aut", email = "vinyang@ucdavis.edu"), person(given = "Harrison", family = "Nguyen", role = "aut", email = "hhnguy@ucdavis.edu")) as necessary. Flavors: r-devel-linux-x86_64-debian-clang, r-devel-linux-x86_64-debian-gcc