CRAN Package Check Results for Package ceRtainty

Last updated on 2025-04-30 04:50:01 CEST.

Flavor Version Tinstall Tcheck Ttotal Status Flags
r-devel-linux-x86_64-debian-clang 1.0.0 4.05 42.41 46.46 OK
r-devel-linux-x86_64-debian-gcc 1.0.0 3.34 31.24 34.58 OK
r-devel-linux-x86_64-fedora-clang 1.0.0 74.02 NOTE
r-devel-linux-x86_64-fedora-gcc 1.0.0 84.48 NOTE
r-devel-windows-x86_64 1.0.0 6.00 77.00 83.00 OK
r-patched-linux-x86_64 1.0.0 4.58 40.42 45.00 OK
r-release-linux-x86_64 1.0.0 4.31 40.02 44.33 OK
r-release-macos-arm64 1.0.0 34.00 OK
r-release-macos-x86_64 1.0.0 54.00 OK
r-release-windows-x86_64 1.0.0 6.00 74.00 80.00 OK
r-oldrel-macos-arm64 1.0.0 31.00 OK
r-oldrel-macos-x86_64 1.0.0 48.00 OK
r-oldrel-windows-x86_64 1.0.0 7.00 80.00 87.00 OK

Check Details

Version: 1.0.0
Check: dependencies in R code
Result: NOTE Namespaces in Imports field not imported from: ‘base’ ‘stats’ ‘tidyr’ All declared Imports should be used. Flavors: r-devel-linux-x86_64-fedora-clang, r-devel-linux-x86_64-fedora-gcc