CRAN Package Check Results for Package ceg

Last updated on 2025-04-30 04:50:01 CEST.

Flavor Version Tinstall Tcheck Ttotal Status Flags
r-devel-linux-x86_64-debian-clang 0.1.0 7.77 47.29 55.06 NOTE
r-devel-linux-x86_64-debian-gcc 0.1.0 4.47 35.93 40.40 NOTE
r-devel-linux-x86_64-fedora-clang 0.1.0 92.83 NOTE
r-devel-linux-x86_64-fedora-gcc 0.1.0 80.95 NOTE
r-devel-windows-x86_64 0.1.0 8.00 75.00 83.00 OK
r-patched-linux-x86_64 0.1.0 7.93 45.85 53.78 NOTE
r-release-linux-x86_64 0.1.0 6.73 45.44 52.17 NOTE
r-release-macos-arm64 0.1.0 30.00 OK
r-release-macos-x86_64 0.1.0 56.00 OK
r-release-windows-x86_64 0.1.0 8.00 76.00 84.00 OK
r-oldrel-macos-arm64 0.1.0 32.00 OK
r-oldrel-macos-x86_64 0.1.0 47.00 OK
r-oldrel-windows-x86_64 0.1.0 8.00 79.00 87.00 OK

Check Details

Version: 0.1.0
Check: for non-standard things in the check directory
Result: NOTE Found the following files/directories: ‘figure01ceg.pdf’ ‘figure02ceg.pdf’ ‘staged.tree.graph.pdf’ ‘stratified-event-tree-plot.pdf’ Flavors: r-devel-linux-x86_64-debian-clang, r-devel-linux-x86_64-debian-gcc, r-devel-linux-x86_64-fedora-clang, r-devel-linux-x86_64-fedora-gcc, r-patched-linux-x86_64, r-release-linux-x86_64