CRAN Package Check Results for Package celestial

Last updated on 2025-04-30 04:50:01 CEST.

Flavor Version Tinstall Tcheck Ttotal Status Flags
r-devel-linux-x86_64-debian-clang 1.4.6 7.39 44.34 51.73 NOTE
r-devel-linux-x86_64-debian-gcc 1.4.6 4.78 29.43 34.21 NOTE
r-devel-linux-x86_64-fedora-clang 1.4.6 80.74 OK
r-devel-linux-x86_64-fedora-gcc 1.4.6 76.57 OK
r-devel-windows-x86_64 1.4.6 8.00 68.00 76.00 OK
r-patched-linux-x86_64 1.4.6 8.02 41.60 49.62 OK
r-release-linux-x86_64 1.4.6 7.27 41.52 48.79 OK
r-release-macos-arm64 1.4.6 29.00 OK
r-release-macos-x86_64 1.4.6 51.00 OK
r-release-windows-x86_64 1.4.6 8.00 65.00 73.00 OK
r-oldrel-macos-arm64 1.4.6 23.00 OK
r-oldrel-macos-x86_64 1.4.6 35.00 OK
r-oldrel-windows-x86_64 1.4.6 9.00 68.00 77.00 OK

Check Details

Version: 1.4.6
Check: CRAN incoming feasibility
Result: NOTE Maintainer: ‘Aaron Robotham <aaron.robotham@uwa.edu.au>’ No Authors@R field in DESCRIPTION. Please add one, modifying Authors@R: person(given = "Aaron", family = "Robotham", role = c("aut", "cre"), email = "aaron.robotham@uwa.edu.au") as necessary. Flavors: r-devel-linux-x86_64-debian-clang, r-devel-linux-x86_64-debian-gcc