Last updated on 2025-04-30 04:50:01 CEST.
Flavor | Version | Tinstall | Tcheck | Ttotal | Status | Flags |
---|---|---|---|---|---|---|
r-devel-linux-x86_64-debian-clang | 2.5.3 | 103.21 | 261.46 | 364.67 | NOTE | |
r-devel-linux-x86_64-debian-gcc | 2.5.3 | 80.17 | 189.75 | 269.92 | NOTE | |
r-devel-linux-x86_64-fedora-clang | 2.5.3 | 610.22 | OK | |||
r-devel-linux-x86_64-fedora-gcc | 2.5.3 | 600.09 | OK | |||
r-devel-windows-x86_64 | 2.5.3 | 127.00 | 296.00 | 423.00 | OK | |
r-patched-linux-x86_64 | 2.5.3 | 113.36 | 253.15 | 366.51 | OK | |
r-release-linux-x86_64 | 2.5.3 | 111.72 | 250.75 | 362.47 | OK | |
r-release-macos-arm64 | 2.5.3 | 173.00 | OK | |||
r-release-macos-x86_64 | 2.5.3 | 257.00 | OK | |||
r-release-windows-x86_64 | 2.5.3 | 127.00 | 276.00 | 403.00 | OK | |
r-oldrel-macos-arm64 | 2.5.3 | 147.00 | NOTE | |||
r-oldrel-macos-x86_64 | 2.5.3 | 217.00 | NOTE | |||
r-oldrel-windows-x86_64 | 2.5.3 | 144.00 | 354.00 | 498.00 | NOTE |
Version: 2.5.3
Check: CRAN incoming feasibility
Result: NOTE
Maintainer: ‘Jakob Raymaekers <jakob.raymaekers@kuleuven.be>’
The Description field contains
(open access), Raymaekers and Rousseeuw (2022) <arXiv:2207.13493> (open
Please refer to arXiv e-prints via their arXiv DOI <doi:10.48550/arXiv.YYMM.NNNNN>.
Flavors: r-devel-linux-x86_64-debian-clang, r-devel-linux-x86_64-debian-gcc
Version: 2.5.3
Check: installed package size
Result: NOTE
installed size is 15.1Mb
sub-directories of 1Mb or more:
data 3.2Mb
doc 2.0Mb
libs 9.5Mb
Flavors: r-oldrel-macos-arm64, r-oldrel-macos-x86_64, r-oldrel-windows-x86_64