Last updated on 2025-04-30 04:50:01 CEST.
Flavor | Version | Tinstall | Tcheck | Ttotal | Status | Flags |
---|---|---|---|---|---|---|
r-devel-linux-x86_64-debian-clang | 1.2.1 | 5.28 | 315.94 | 321.22 | NOTE | |
r-devel-linux-x86_64-debian-gcc | 1.2.1 | 3.58 | 204.31 | 207.89 | NOTE | |
r-devel-linux-x86_64-fedora-clang | 1.2.1 | 510.83 | OK | |||
r-devel-linux-x86_64-fedora-gcc | 1.2.1 | 502.93 | OK | |||
r-devel-windows-x86_64 | 1.2.1 | 6.00 | 301.00 | 307.00 | OK | |
r-patched-linux-x86_64 | 1.2.1 | 6.40 | 299.13 | 305.53 | OK | |
r-release-linux-x86_64 | 1.2.1 | 5.10 | 297.08 | 302.18 | OK | |
r-release-macos-arm64 | 1.2.1 | 124.00 | OK | |||
r-release-macos-x86_64 | 1.2.1 | 312.00 | OK | |||
r-release-windows-x86_64 | 1.2.1 | 8.00 | 291.00 | 299.00 | OK | |
r-oldrel-macos-arm64 | 1.2.1 | 124.00 | OK | |||
r-oldrel-macos-x86_64 | 1.2.1 | 398.00 | OK | |||
r-oldrel-windows-x86_64 | 1.2.1 | 8.00 | 420.00 | 428.00 | OK |
Version: 1.2.1
Check: examples
Result: NOTE
Examples with CPU (user + system) or elapsed time > 5s
user system elapsed
aggregate.tracks 8.422 0.007 9.985
distanceToPlane 4.925 0.011 5.982
angleToPlane 4.870 0.004 5.049
angleToPoint 4.456 0.000 5.135
Flavor: r-devel-linux-x86_64-debian-clang
Version: 1.2.1
Check: examples
Result: NOTE
Examples with CPU (user + system) or elapsed time > 5s
user system elapsed
aggregate.tracks 4.339 0.007 5.284
Flavor: r-devel-linux-x86_64-debian-gcc