Last updated on 2025-04-30 04:50:01 CEST.
Flavor | Version | Tinstall | Tcheck | Ttotal | Status | Flags |
---|---|---|---|---|---|---|
r-devel-linux-x86_64-debian-clang | 2.0.0 | 47.70 | 71.54 | 119.24 | OK | |
r-devel-linux-x86_64-debian-gcc | 2.0.0 | 36.83 | 54.61 | 91.44 | OK | |
r-devel-linux-x86_64-fedora-clang | 2.0.0 | 194.94 | OK | |||
r-devel-linux-x86_64-fedora-gcc | 2.0.0 | 202.93 | OK | |||
r-devel-windows-x86_64 | 2.0.0 | 52.00 | 111.00 | 163.00 | OK | |
r-patched-linux-x86_64 | 2.0.0 | 50.19 | 73.07 | 123.26 | OK | |
r-release-linux-x86_64 | 2.0.0 | 51.12 | 72.91 | 124.03 | OK | |
r-release-macos-arm64 | 2.0.0 | 57.00 | OK | |||
r-release-macos-x86_64 | 2.0.0 | 108.00 | OK | |||
r-release-windows-x86_64 | 2.0.0 | 50.00 | 109.00 | 159.00 | OK | |
r-oldrel-macos-arm64 | 2.0.0 | 50.00 | NOTE | |||
r-oldrel-macos-x86_64 | 2.0.0 | 77.00 | NOTE | |||
r-oldrel-windows-x86_64 | 2.0.0 | 56.00 | 129.00 | 185.00 | OK |
Version: 2.0.0
Check: installed package size
Result: NOTE
installed size is 17.5Mb
sub-directories of 1Mb or more:
libs 17.3Mb
Flavors: r-oldrel-macos-arm64, r-oldrel-macos-x86_64