Last updated on 2025-02-21 03:52:08 CET.
Flavor | Version | Tinstall | Tcheck | Ttotal | Status | Flags |
---|---|---|---|---|---|---|
r-devel-linux-x86_64-debian-clang | 0.0.4 | 4.39 | 37.89 | 42.28 | NOTE | |
r-devel-linux-x86_64-debian-gcc | 0.0.4 | 3.22 | 27.51 | 30.73 | NOTE | |
r-devel-linux-x86_64-fedora-clang | 0.0.4 | 68.69 | NOTE | |||
r-devel-linux-x86_64-fedora-gcc | 0.0.4 | 76.93 | NOTE | |||
r-devel-macos-arm64 | 0.0.4 | 31.00 | NOTE | |||
r-devel-macos-x86_64 | 0.0.4 | 54.00 | NOTE | |||
r-devel-windows-x86_64 | 0.0.4 | 6.00 | 56.00 | 62.00 | NOTE | |
r-patched-linux-x86_64 | 0.0.4 | 3.95 | 35.35 | 39.30 | NOTE | |
r-release-linux-x86_64 | 0.0.4 | 3.24 | 34.69 | 37.93 | NOTE | |
r-release-macos-arm64 | 0.0.4 | 30.00 | NOTE | |||
r-release-macos-x86_64 | 0.0.4 | 46.00 | NOTE | |||
r-release-windows-x86_64 | 0.0.4 | 6.00 | 56.00 | 62.00 | NOTE | |
r-oldrel-macos-arm64 | 0.0.4 | 30.00 | NOTE | |||
r-oldrel-macos-x86_64 | 0.0.4 | 45.00 | NOTE | |||
r-oldrel-windows-x86_64 | 0.0.4 | 6.00 | 60.00 | 66.00 | NOTE |
Version: 0.0.4
Check: Rd files
Result: NOTE
checkRd: (-1) call_api_once.Rd:36: Lost braces
36 | A code{data.frame} with the requested variables at the requested
| ^
Flavors: r-devel-linux-x86_64-debian-clang, r-devel-linux-x86_64-debian-gcc, r-devel-linux-x86_64-fedora-clang, r-devel-linux-x86_64-fedora-gcc, r-devel-macos-arm64, r-devel-macos-x86_64, r-devel-windows-x86_64, r-patched-linux-x86_64, r-release-linux-x86_64, r-release-macos-arm64, r-release-macos-x86_64, r-release-windows-x86_64
Version: 0.0.4
Check: LazyData
Result: NOTE
'LazyData' is specified without a 'data' directory
Flavors: r-patched-linux-x86_64, r-release-linux-x86_64, r-release-macos-arm64, r-release-macos-x86_64, r-release-windows-x86_64, r-oldrel-macos-arm64, r-oldrel-macos-x86_64, r-oldrel-windows-x86_64