Last updated on 2025-02-21 03:52:08 CET.
Flavor | Version | Tinstall | Tcheck | Ttotal | Status | Flags |
---|---|---|---|---|---|---|
r-devel-linux-x86_64-debian-clang | 0.1 | 1.83 | 81.17 | 83.00 | NOTE | |
r-devel-linux-x86_64-debian-gcc | 0.1 | 1.79 | 58.42 | 60.21 | NOTE | |
r-devel-linux-x86_64-fedora-clang | 0.1 | 132.82 | NOTE | |||
r-devel-linux-x86_64-fedora-gcc | 0.1 | 134.37 | NOTE | |||
r-devel-macos-arm64 | 0.1 | 36.00 | OK | |||
r-devel-macos-x86_64 | 0.1 | 81.00 | NOTE | |||
r-devel-windows-x86_64 | 0.1 | 5.00 | 104.00 | 109.00 | NOTE | |
r-patched-linux-x86_64 | 0.1 | 2.43 | 77.88 | 80.31 | OK | |
r-release-linux-x86_64 | 0.1 | 2.43 | 78.08 | 80.51 | OK | |
r-release-macos-arm64 | 0.1 | 38.00 | OK | |||
r-release-macos-x86_64 | 0.1 | 68.00 | OK | |||
r-release-windows-x86_64 | 0.1 | 5.00 | 104.00 | 109.00 | OK | |
r-oldrel-macos-arm64 | 0.1 | 45.00 | OK | |||
r-oldrel-macos-x86_64 | 0.1 | 70.00 | OK | |||
r-oldrel-windows-x86_64 | 0.1 | 5.00 | 130.00 | 135.00 | OK |
Version: 0.1
Check: DESCRIPTION meta-information
Result: NOTE
Missing dependency on R >= 4.1.0 because package code uses the pipe
|> or function shorthand \(...) syntax added in R 4.1.0.
File(s) using such syntax:
‘cnt_path.R’ ‘cnt_path_guess.R’ ‘cnt_skeleton.R’ ‘utils.R’
Flavors: r-devel-linux-x86_64-debian-clang, r-devel-linux-x86_64-debian-gcc, r-devel-linux-x86_64-fedora-clang, r-devel-linux-x86_64-fedora-gcc, r-devel-macos-x86_64, r-devel-windows-x86_64