Last updated on 2025-04-30 04:50:01 CEST.
Flavor | Version | Tinstall | Tcheck | Ttotal | Status | Flags |
---|---|---|---|---|---|---|
r-devel-linux-x86_64-debian-clang | 0.1.7 | 4.07 | 32.65 | 36.72 | NOTE | |
r-devel-linux-x86_64-debian-gcc | 0.1.7 | 2.91 | 24.24 | 27.15 | NOTE | |
r-devel-linux-x86_64-fedora-clang | 0.1.7 | 56.79 | OK | |||
r-devel-linux-x86_64-fedora-gcc | 0.1.7 | 54.67 | OK | |||
r-devel-windows-x86_64 | 0.1.7 | 6.00 | 63.00 | 69.00 | OK | |
r-patched-linux-x86_64 | 0.1.7 | 4.09 | 31.84 | 35.93 | OK | |
r-release-linux-x86_64 | 0.1.7 | 2.54 | 31.79 | 34.33 | OK | |
r-release-macos-arm64 | 0.1.7 | 24.00 | OK | |||
r-release-macos-x86_64 | 0.1.7 | 34.00 | OK | |||
r-release-windows-x86_64 | 0.1.7 | 6.00 | 54.00 | 60.00 | OK | |
r-oldrel-macos-arm64 | 0.1.7 | 22.00 | OK | |||
r-oldrel-macos-x86_64 | 0.1.7 | 30.00 | OK | |||
r-oldrel-windows-x86_64 | 0.1.7 | 7.00 | 60.00 | 67.00 | OK |
Version: 0.1.7
Check: CRAN incoming feasibility
Result: NOTE
Maintainer: ‘Duy Nghia Pham <nghiapham@yandex.com>’
Package CITATION file contains call(s) to old-style citEntry(). Please
use bibentry() instead.
Flavors: r-devel-linux-x86_64-debian-clang, r-devel-linux-x86_64-debian-gcc