Last updated on 2025-04-30 04:50:01 CEST.
Flavor | Version | Tinstall | Tcheck | Ttotal | Status | Flags |
---|---|---|---|---|---|---|
r-devel-linux-x86_64-debian-clang | 0.0.1 | 3.48 | 356.01 | 359.49 | NOTE | |
r-devel-linux-x86_64-debian-gcc | 0.0.1 | 2.24 | 238.49 | 240.73 | NOTE | |
r-devel-linux-x86_64-fedora-clang | 0.0.1 | 432.87 | OK | |||
r-devel-linux-x86_64-fedora-gcc | 0.0.1 | 415.01 | OK | |||
r-devel-windows-x86_64 | 0.0.1 | 5.00 | 204.00 | 209.00 | OK | |
r-patched-linux-x86_64 | 0.0.1 | 3.37 | 289.69 | 293.06 | OK | |
r-release-linux-x86_64 | 0.0.1 | 2.75 | 274.06 | 276.81 | OK | |
r-release-macos-arm64 | 0.0.1 | 115.00 | OK | |||
r-release-macos-x86_64 | 0.0.1 | 234.00 | OK | |||
r-release-windows-x86_64 | 0.0.1 | 5.00 | 198.00 | 203.00 | OK | |
r-oldrel-macos-arm64 | 0.0.1 | 91.00 | OK | |||
r-oldrel-macos-x86_64 | 0.0.1 | 354.00 | OK | |||
r-oldrel-windows-x86_64 | 0.0.1 | 6.00 | 277.00 | 283.00 | OK |
Version: 0.0.1
Check: examples
Result: NOTE
Examples with CPU (user + system) or elapsed time > 5s
user system elapsed
calc_c_closure 10.188 0.205 13.099
Flavor: r-devel-linux-x86_64-debian-clang
Version: 0.0.1
Check: examples
Result: NOTE
Examples with CPU (user + system) or elapsed time > 5s
user system elapsed
calc_c_closure 6.027 0.205 8.497
Flavor: r-devel-linux-x86_64-debian-gcc