Last updated on 2025-04-30 04:50:01 CEST.
Flavor | Version | Tinstall | Tcheck | Ttotal | Status | Flags |
---|---|---|---|---|---|---|
r-devel-linux-x86_64-debian-clang | 0.1.0 | 2.08 | 31.54 | 33.62 | NOTE | |
r-devel-linux-x86_64-debian-gcc | 0.1.0 | 1.89 | 23.98 | 25.87 | NOTE | |
r-devel-linux-x86_64-fedora-clang | 0.1.0 | 51.19 | NOTE | |||
r-devel-linux-x86_64-fedora-gcc | 0.1.0 | 61.34 | NOTE | |||
r-devel-windows-x86_64 | 0.1.0 | 4.00 | 58.00 | 62.00 | NOTE | |
r-patched-linux-x86_64 | 0.1.0 | 2.53 | 28.57 | 31.10 | NOTE | |
r-release-linux-x86_64 | 0.1.0 | 1.75 | 28.61 | 30.36 | NOTE | |
r-release-macos-arm64 | 0.1.0 | 30.00 | NOTE | |||
r-release-macos-x86_64 | 0.1.0 | 51.00 | NOTE | |||
r-release-windows-x86_64 | 0.1.0 | 3.00 | 53.00 | 56.00 | NOTE | |
r-oldrel-macos-arm64 | 0.1.0 | 37.00 | NOTE | |||
r-oldrel-macos-x86_64 | 0.1.0 | 41.00 | NOTE | |||
r-oldrel-windows-x86_64 | 0.1.0 | 4.00 | 57.00 | 61.00 | NOTE |
Version: 0.1.0
Check: package subdirectories
Result: NOTE
Problems with news in ‘NEWS.md’:
No news entries found.
Flavors: r-devel-linux-x86_64-debian-clang, r-devel-linux-x86_64-debian-gcc, r-devel-linux-x86_64-fedora-clang, r-devel-linux-x86_64-fedora-gcc, r-devel-windows-x86_64, r-patched-linux-x86_64, r-release-linux-x86_64, r-release-macos-arm64, r-release-macos-x86_64, r-release-windows-x86_64, r-oldrel-macos-arm64, r-oldrel-macos-x86_64, r-oldrel-windows-x86_64
Version: 0.1.0
Check: examples
Result: NOTE
Examples with CPU (user + system) or elapsed time > 5s
user system elapsed
get_cescodes 2.054 0.141 5.288
Flavor: r-devel-linux-x86_64-debian-clang