Last updated on 2025-04-30 04:50:01 CEST.
Flavor | Version | Tinstall | Tcheck | Ttotal | Status | Flags |
---|---|---|---|---|---|---|
r-devel-linux-x86_64-debian-clang | 1.0.0 | 1.95 | 29.22 | 31.17 | NOTE | |
r-devel-linux-x86_64-debian-gcc | 1.0.0 | 2.04 | 22.72 | 24.76 | NOTE | |
r-devel-linux-x86_64-fedora-clang | 1.0.0 | 51.40 | NOTE | |||
r-devel-linux-x86_64-fedora-gcc | 1.0.0 | 62.55 | NOTE | |||
r-devel-windows-x86_64 | 1.0.0 | 4.00 | 52.00 | 56.00 | OK | |
r-patched-linux-x86_64 | 1.0.0 | 2.73 | 27.88 | 30.61 | OK | |
r-release-linux-x86_64 | 1.0.0 | 2.40 | 28.41 | 30.81 | OK | |
r-release-macos-arm64 | 1.0.0 | 39.00 | OK | |||
r-release-macos-x86_64 | 1.0.0 | 46.00 | OK | |||
r-release-windows-x86_64 | 1.0.0 | 4.00 | 50.00 | 54.00 | OK | |
r-oldrel-macos-arm64 | 1.0.0 | 27.00 | OK | |||
r-oldrel-macos-x86_64 | 1.0.0 | 40.00 | OK | |||
r-oldrel-windows-x86_64 | 1.0.0 | 5.00 | 55.00 | 60.00 | OK |
Version: 1.0.0
Check: CRAN incoming feasibility
Result: NOTE
Maintainer: ‘Diogo Ferrari <diogoferrari@gmail.com>’
Package CITATION file contains call(s) to old-style personList() or
as.personList(). Please use c() on person objects instead.
Package CITATION file contains call(s) to old-style citEntry(). Please
use bibentry() instead.
Flavors: r-devel-linux-x86_64-debian-clang, r-devel-linux-x86_64-debian-gcc
Version: 1.0.0
Check: dependencies in R code
Result: NOTE
Namespace in Imports field not imported from: ‘lmtest’
All declared Imports should be used.
Flavors: r-devel-linux-x86_64-fedora-clang, r-devel-linux-x86_64-fedora-gcc