Last updated on 2025-04-30 04:50:01 CEST.
Flavor | Version | Tinstall | Tcheck | Ttotal | Status | Flags |
---|---|---|---|---|---|---|
r-devel-linux-x86_64-debian-clang | 1.9.0 | 28.45 | 344.03 | 372.48 | NOTE | |
r-devel-linux-x86_64-debian-gcc | 1.9.0 | 17.11 | 201.39 | 218.50 | NOTE | |
r-devel-linux-x86_64-fedora-clang | 1.9.0 | 561.47 | OK | |||
r-devel-linux-x86_64-fedora-gcc | 1.9.0 | 526.42 | OK | |||
r-devel-windows-x86_64 | 1.9.0 | 24.00 | 264.00 | 288.00 | OK | |
r-patched-linux-x86_64 | 1.9.0 | 28.06 | 314.88 | 342.94 | OK | |
r-release-linux-x86_64 | 1.9.0 | 22.74 | 313.49 | 336.23 | OK | |
r-release-macos-arm64 | 1.9.0 | 118.00 | OK | |||
r-release-macos-x86_64 | 1.9.0 | 302.00 | OK | |||
r-release-windows-x86_64 | 1.9.0 | 24.00 | 259.00 | 283.00 | OK | |
r-oldrel-macos-arm64 | 1.9.0 | 114.00 | OK | |||
r-oldrel-macos-x86_64 | 1.9.0 | 220.00 | OK | |||
r-oldrel-windows-x86_64 | 1.9.0 | 32.00 | 366.00 | 398.00 | OK |
Version: 1.9.0
Check: examples
Result: NOTE
Examples with CPU (user + system) or elapsed time > 5s
user system elapsed
fbpRaster 7.31 0.034 9.617
Flavor: r-devel-linux-x86_64-debian-clang
Version: 1.9.0
Check: examples
Result: NOTE
Examples with CPU (user + system) or elapsed time > 5s
user system elapsed
fbpRaster 4.407 0.011 5.507
Flavor: r-devel-linux-x86_64-debian-gcc