Last updated on 2025-04-30 04:50:01 CEST.
Flavor | Version | Tinstall | Tcheck | Ttotal | Status | Flags |
---|---|---|---|---|---|---|
r-devel-linux-x86_64-debian-clang | 0.1.7 | 3.90 | 33.97 | 37.87 | NOTE | |
r-devel-linux-x86_64-debian-gcc | 0.1.7 | 2.57 | 24.67 | 27.24 | NOTE | |
r-devel-linux-x86_64-fedora-clang | 0.1.7 | 60.91 | OK | |||
r-devel-linux-x86_64-fedora-gcc | 0.1.7 | 56.19 | OK | |||
r-devel-windows-x86_64 | 0.1.7 | 4.00 | 56.00 | 60.00 | OK | |
r-patched-linux-x86_64 | 0.1.7 | 3.99 | 33.05 | 37.04 | OK | |
r-release-linux-x86_64 | 0.1.7 | 3.68 | 33.30 | 36.98 | OK | |
r-release-macos-arm64 | 0.1.7 | 21.00 | OK | |||
r-release-macos-x86_64 | 0.1.7 | 36.00 | OK | |||
r-release-windows-x86_64 | 0.1.7 | 5.00 | 54.00 | 59.00 | OK | |
r-oldrel-macos-arm64 | 0.1.7 | 27.00 | OK | |||
r-oldrel-macos-x86_64 | 0.1.7 | 31.00 | OK | |||
r-oldrel-windows-x86_64 | 0.1.7 | 4.00 | 59.00 | 63.00 | OK |
Version: 0.1.7
Check: CRAN incoming feasibility
Result: NOTE
Maintainer: ‘Santtu Tikka <santtuth@gmail.com>’
The Description field contains
Pearl, J. (2007, 2008) <arXiv:1206.5294>,
Please refer to arXiv e-prints via their arXiv DOI <doi:10.48550/arXiv.YYMM.NNNNN>.
Flavors: r-devel-linux-x86_64-debian-clang, r-devel-linux-x86_64-debian-gcc