Last updated on 2025-04-30 04:50:01 CEST.
Flavor | Version | Tinstall | Tcheck | Ttotal | Status | Flags |
---|---|---|---|---|---|---|
r-devel-linux-x86_64-debian-clang | 1.0.0 | 7.92 | 61.92 | 69.84 | NOTE | |
r-devel-linux-x86_64-debian-gcc | 1.0.0 | 5.52 | 43.77 | 49.29 | NOTE | |
r-devel-linux-x86_64-fedora-clang | 1.0.0 | 114.47 | OK | |||
r-devel-linux-x86_64-fedora-gcc | 1.0.0 | 118.02 | OK | |||
r-devel-windows-x86_64 | 1.0.0 | 10.00 | 75.00 | 85.00 | OK | |
r-patched-linux-x86_64 | 1.0.0 | 7.91 | 56.70 | 64.61 | OK | |
r-release-linux-x86_64 | 1.0.0 | 5.76 | 56.34 | 62.10 | OK | |
r-release-macos-arm64 | 1.0.0 | 39.00 | OK | |||
r-release-macos-x86_64 | 1.0.0 | 76.00 | OK | |||
r-release-windows-x86_64 | 1.0.0 | 9.00 | 72.00 | 81.00 | OK | |
r-oldrel-macos-arm64 | 1.0.0 | 43.00 | OK | |||
r-oldrel-macos-x86_64 | 1.0.0 | 60.00 | OK | |||
r-oldrel-windows-x86_64 | 1.0.0 | 10.00 | 86.00 | 96.00 | OK |
Version: 1.0.0
Check: CRAN incoming feasibility
Result: NOTE
Maintainer: ‘Erick Verleye <erve3705@colorado.edu>’
Package CITATION file contains call(s) to old-style personList() or
as.personList(). Please use c() on person objects instead.
Package CITATION file contains call(s) to old-style citEntry(). Please
use bibentry() instead.
Flavors: r-devel-linux-x86_64-debian-clang, r-devel-linux-x86_64-debian-gcc