Last updated on 2025-04-30 04:50:01 CEST.
Flavor | Version | Tinstall | Tcheck | Ttotal | Status | Flags |
---|---|---|---|---|---|---|
r-devel-linux-x86_64-debian-clang | 1.0.1 | 12.53 | 143.03 | 155.56 | NOTE | |
r-devel-linux-x86_64-debian-gcc | 1.0.1 | 9.63 | 100.56 | 110.19 | NOTE | |
r-devel-linux-x86_64-fedora-clang | 1.0.1 | 257.57 | OK | |||
r-devel-linux-x86_64-fedora-gcc | 1.0.1 | 249.47 | OK | |||
r-devel-windows-x86_64 | 1.0.1 | 12.00 | 135.00 | 147.00 | NOTE | |
r-patched-linux-x86_64 | 1.0.1 | 12.76 | 135.66 | 148.42 | NOTE | |
r-release-linux-x86_64 | 1.0.1 | 11.22 | 134.75 | 145.97 | NOTE | |
r-release-macos-arm64 | 1.0.1 | 60.00 | OK | |||
r-release-macos-x86_64 | 1.0.1 | 126.00 | OK | |||
r-release-windows-x86_64 | 1.0.1 | 12.00 | 135.00 | 147.00 | NOTE | |
r-oldrel-macos-arm64 | 1.0.1 | 64.00 | OK | |||
r-oldrel-macos-x86_64 | 1.0.1 | 104.00 | OK | |||
r-oldrel-windows-x86_64 | 1.0.1 | 18.00 | 188.00 | 206.00 | OK |
Version: 1.0.1
Check: Rd cross-references
Result: NOTE
Found the following Rd file(s) with Rd \link{} targets missing package
anchors:
boot.cgaim.Rd: doParallel
Please provide package anchors for all Rd \link{} targets not in the
package itself and the base packages.
Flavors: r-devel-linux-x86_64-debian-clang, r-devel-linux-x86_64-debian-gcc, r-devel-windows-x86_64, r-patched-linux-x86_64, r-release-linux-x86_64, r-release-windows-x86_64
Version: 1.0.1
Check: examples
Result: NOTE
Examples with CPU (user + system) or elapsed time > 5s
user system elapsed
boot.cgaim 4.433 0.032 6.216
vcov.cgaim 3.576 0.000 5.286
Flavor: r-devel-linux-x86_64-debian-clang