CRAN Package Check Results for Package cgam

Last updated on 2025-02-22 05:51:31 CET.

Flavor Version Tinstall Tcheck Ttotal Status Flags
r-devel-linux-x86_64-debian-clang 1.23 34.92 165.88 200.80 OK
r-devel-linux-x86_64-debian-gcc 1.23 20.55 104.18 124.73 OK
r-devel-linux-x86_64-fedora-clang 1.23 348.15 OK
r-devel-linux-x86_64-fedora-gcc 1.23 329.18 OK
r-devel-macos-arm64 1.21 70.00 NOTE
r-devel-macos-x86_64 1.23 236.00 OK
r-devel-windows-x86_64 1.21 32.00 159.00 191.00 NOTE
r-patched-linux-x86_64 1.22 33.10 156.17 189.27 NOTE
r-release-linux-x86_64 1.23 30.59 154.94 185.53 NOTE
r-release-macos-arm64 1.21 74.00 NOTE
r-release-macos-x86_64 1.23 183.00 NOTE
r-release-windows-x86_64 1.23 26.00 177.00 203.00 NOTE
r-oldrel-macos-arm64 1.21 70.00 OK
r-oldrel-macos-x86_64 1.23 193.00 NOTE
r-oldrel-windows-x86_64 1.23 38.00 197.00 235.00 NOTE

Check Details

Version: 1.21
Check: Rd files
Result: NOTE checkRd: (-1) ShapeSelect.Rd:18: Lost braces in \itemize; meant \describe ? checkRd: (-1) ShapeSelect.Rd:19: Lost braces in \itemize; meant \describe ? checkRd: (-1) cgam.Rd:21: Lost braces in \itemize; meant \describe ? checkRd: (-1) cgam.Rd:22: Lost braces in \itemize; meant \describe ? checkRd: (-1) cgam.Rd:23: Lost braces in \itemize; meant \describe ? checkRd: (-1) cgam.Rd:24: Lost braces in \itemize; meant \describe ? checkRd: (-1) cgam.Rd:25: Lost braces in \itemize; meant \describe ? checkRd: (-1) cgam.Rd:26: Lost braces in \itemize; meant \describe ? checkRd: (-1) cgam.Rd:27: Lost braces in \itemize; meant \describe ? checkRd: (-1) cgam.Rd:28: Lost braces in \itemize; meant \describe ? checkRd: (-1) cgam.Rd:29: Lost braces in \itemize; meant \describe ? checkRd: (-1) cgam.Rd:30: Lost braces in \itemize; meant \describe ? checkRd: (-1) cgam.Rd:31: Lost braces in \itemize; meant \describe ? checkRd: (-1) cgam.Rd:32: Lost braces in \itemize; meant \describe ? checkRd: (-1) cgam.Rd:33: Lost braces in \itemize; meant \describe ? checkRd: (-1) cgam.Rd:34: Lost braces in \itemize; meant \describe ? checkRd: (-1) cgam.Rd:35: Lost braces in \itemize; meant \describe ? checkRd: (-1) cgam.Rd:36: Lost braces in \itemize; meant \describe ? checkRd: (-1) cgam.Rd:37: Lost braces in \itemize; meant \describe ? checkRd: (-1) cgam.Rd:38: Lost braces in \itemize; meant \describe ? checkRd: (-1) cgam.Rd:39: Lost braces in \itemize; meant \describe ? checkRd: (-1) plotpersp.Rd:26: Lost braces in \itemize; meant \describe ? checkRd: (-1) plotpersp.Rd:27: Lost braces in \itemize; meant \describe ? checkRd: (-1) plotpersp.Rd:28: Lost braces in \itemize; meant \describe ? checkRd: (-1) plotpersp.Rd:29: Lost braces in \itemize; meant \describe ? checkRd: (-1) plotpersp.Rd:30: Lost braces in \itemize; meant \describe ? checkRd: (-1) plotpersp.Rd:31: Lost braces in \itemize; meant \describe ? checkRd: (-1) plotpersp.Rd:32: Lost braces in \itemize; meant \describe ? checkRd: (-1) plotpersp.Rd:33: Lost braces in \itemize; meant \describe ? checkRd: (-1) plotpersp.Rd:34: Lost braces in \itemize; meant \describe ? checkRd: (-1) plotpersp.Rd:35: Lost braces in \itemize; meant \describe ? checkRd: (-1) plotpersp.Rd:36: Lost braces in \itemize; meant \describe ? checkRd: (-1) plotpersp.Rd:37: Lost braces in \itemize; meant \describe ? checkRd: (-1) plotpersp.Rd:38: Lost braces in \itemize; meant \describe ? checkRd: (-1) plotpersp.Rd:39: Lost braces in \itemize; meant \describe ? checkRd: (-1) plotpersp.Rd:40: Lost braces in \itemize; meant \describe ? checkRd: (-1) plotpersp.Rd:41: Lost braces in \itemize; meant \describe ? checkRd: (-1) plotpersp.Rd:42: Lost braces in \itemize; meant \describe ? checkRd: (-1) plotpersp.Rd:43: Lost braces in \itemize; meant \describe ? checkRd: (-1) plotpersp.Rd:44: Lost braces in \itemize; meant \describe ? checkRd: (-1) plotpersp.Rd:45: Lost braces in \itemize; meant \describe ? checkRd: (-1) plotpersp.Rd:46: Lost braces in \itemize; meant \describe ? checkRd: (-1) shapes.Rd:16: Lost braces in \itemize; meant \describe ? checkRd: (-1) shapes.Rd:17: Lost braces in \itemize; meant \describe ? checkRd: (-1) shapes.Rd:18: Lost braces in \itemize; meant \describe ? Flavors: r-devel-macos-arm64, r-devel-windows-x86_64, r-release-macos-arm64

Version: 1.22
Check: package dependencies
Result: NOTE Depends: includes the non-default packages: 'coneproj', 'svDialogs', 'statmod', 'lme4', 'Matrix', 'splines2' Adding so many packages to the search path is excessive and importing selectively is preferable. Flavor: r-patched-linux-x86_64

Version: 1.23
Check: package dependencies
Result: NOTE Depends: includes the non-default packages: 'coneproj', 'svDialogs', 'statmod', 'lme4', 'Matrix', 'splines2' Adding so many packages to the search path is excessive and importing selectively is preferable. Flavors: r-release-linux-x86_64, r-release-macos-x86_64, r-release-windows-x86_64, r-oldrel-macos-x86_64, r-oldrel-windows-x86_64