Last updated on 2025-04-30 04:50:01 CEST.
Flavor | Version | Tinstall | Tcheck | Ttotal | Status | Flags |
---|---|---|---|---|---|---|
r-devel-linux-x86_64-debian-clang | 1.1 | 18.19 | 29.30 | 47.49 | NOTE | |
r-devel-linux-x86_64-debian-gcc | 1.1 | 13.15 | 23.58 | 36.73 | NOTE | |
r-devel-linux-x86_64-fedora-clang | 1.1 | 87.23 | OK | |||
r-devel-linux-x86_64-fedora-gcc | 1.1 | 74.68 | OK | |||
r-devel-windows-x86_64 | 1.1 | 24.00 | 75.00 | 99.00 | OK | |
r-patched-linux-x86_64 | 1.1 | 18.95 | 26.61 | 45.56 | OK | |
r-release-linux-x86_64 | 1.1 | 19.11 | 27.35 | 46.46 | OK | |
r-release-macos-arm64 | 1.1 | 25.00 | OK | |||
r-release-macos-x86_64 | 1.1 | 43.00 | OK | |||
r-release-windows-x86_64 | 1.1 | 23.00 | 66.00 | 89.00 | OK | |
r-oldrel-macos-arm64 | 1.1 | 34.00 | OK | |||
r-oldrel-macos-x86_64 | 1.1 | 36.00 | OK | |||
r-oldrel-windows-x86_64 | 1.1 | 28.00 | 78.00 | 106.00 | OK |
Version: 1.1
Check: CRAN incoming feasibility
Result: NOTE
Maintainer: ‘Arvid Sjolander <arvid.sjolander@ki.se>’
No Authors@R field in DESCRIPTION.
Please add one, modifying
Authors@R: person(given = "Arvid",
family = "Sjolander",
role = c("aut", "cre"),
email = "arvid.sjolander@ki.se")
as necessary.
Flavors: r-devel-linux-x86_64-debian-clang, r-devel-linux-x86_64-debian-gcc