Last updated on 2025-04-30 04:50:01 CEST.
Flavor | Version | Tinstall | Tcheck | Ttotal | Status | Flags |
---|---|---|---|---|---|---|
r-devel-linux-x86_64-debian-clang | 3.1.0 | 4.05 | 33.88 | 37.93 | NOTE | |
r-devel-linux-x86_64-debian-gcc | 3.1.0 | 2.85 | 23.78 | 26.63 | OK | |
r-devel-linux-x86_64-fedora-clang | 3.1.0 | 61.96 | OK | |||
r-devel-linux-x86_64-fedora-gcc | 3.1.0 | 56.53 | OK | |||
r-devel-windows-x86_64 | 3.1.0 | 5.00 | 54.00 | 59.00 | OK | |
r-patched-linux-x86_64 | 3.1.0 | 3.75 | 32.79 | 36.54 | OK | |
r-release-linux-x86_64 | 3.1.0 | 4.27 | 32.57 | 36.84 | OK | |
r-release-macos-arm64 | 3.1.0 | 19.00 | OK | |||
r-release-macos-x86_64 | 3.1.0 | 33.00 | OK | |||
r-release-windows-x86_64 | 3.1.0 | 6.00 | 53.00 | 59.00 | OK | |
r-oldrel-macos-arm64 | 3.1.0 | 27.00 | OK | |||
r-oldrel-macos-x86_64 | 3.1.0 | 36.00 | OK | |||
r-oldrel-windows-x86_64 | 3.1.0 | 8.00 | 59.00 | 67.00 | OK |
Version: 3.1.0
Check: examples
Result: NOTE
Examples with CPU (user + system) or elapsed time > 5s
user system elapsed
cgmreport 5.853 0.289 8.357
Flavor: r-devel-linux-x86_64-debian-clang