Last updated on 2025-02-21 03:52:09 CET.
Flavor | Version | Tinstall | Tcheck | Ttotal | Status | Flags |
---|---|---|---|---|---|---|
r-devel-linux-x86_64-debian-clang | 0.1.5 | 2.24 | 48.05 | 50.29 | OK | |
r-devel-linux-x86_64-debian-gcc | 0.1.5 | 1.92 | 34.04 | 35.96 | OK | |
r-devel-linux-x86_64-fedora-clang | 0.1.5 | 83.57 | OK | |||
r-devel-linux-x86_64-fedora-gcc | 0.1.5 | 91.97 | OK | |||
r-devel-macos-arm64 | 0.1.5 | 35.00 | OK | |||
r-devel-macos-x86_64 | 0.1.5 | 75.00 | OK | |||
r-devel-windows-x86_64 | 0.1.5 | 4.00 | 71.00 | 75.00 | OK | |
r-patched-linux-x86_64 | 0.1.5 | 2.34 | 45.13 | 47.47 | OK | |
r-release-linux-x86_64 | 0.1.5 | 2.43 | 45.59 | 48.02 | OK | |
r-release-macos-arm64 | 0.1.5 | 43.00 | OK | |||
r-release-macos-x86_64 | 0.1.5 | 54.00 | OK | |||
r-release-windows-x86_64 | 0.1.5 | 3.00 | 73.00 | 76.00 | OK | |
r-oldrel-macos-arm64 | 0.1.5 | 40.00 | OK | |||
r-oldrel-macos-x86_64 | 0.1.5 | 96.00 | OK | |||
r-oldrel-windows-x86_64 | 0.1.5 | 5.00 | 70.00 | 75.00 | ERROR |
Version: 0.1.5
Check: re-building of vignette outputs
Result: ERROR
Error(s) in re-building vignettes:
--- re-building 'chain_glm.Rmd' using rmarkdown
Quitting from lines 173-174 [glm1_3] (chain_glm.Rmd)
Error: processing vignette 'chain_glm.Rmd' failed with diagnostics:
package 'MASS' must be installed
--- failed re-building 'chain_glm.Rmd'
--- re-building 'introduction.Rmd' using rmarkdown
--- finished re-building 'introduction.Rmd'
SUMMARY: processing the following file failed:
'chain_glm.Rmd'
Error: Vignette re-building failed.
Execution halted
Flavor: r-oldrel-windows-x86_64