Last updated on 2025-04-30 04:50:01 CEST.
Flavor | Version | Tinstall | Tcheck | Ttotal | Status | Flags |
---|---|---|---|---|---|---|
r-devel-linux-x86_64-debian-clang | 1.0.1 | 5.60 | 55.75 | 61.35 | NOTE | |
r-devel-linux-x86_64-debian-gcc | 1.0.1 | 4.09 | 38.78 | 42.87 | OK | |
r-devel-linux-x86_64-fedora-clang | 1.0.1 | 89.44 | OK | |||
r-devel-linux-x86_64-fedora-gcc | 1.0.1 | 96.26 | OK | |||
r-devel-windows-x86_64 | 1.0.1 | 8.00 | 78.00 | 86.00 | OK | |
r-patched-linux-x86_64 | 1.0.1 | 5.59 | 51.78 | 57.37 | OK | |
r-release-linux-x86_64 | 1.0.1 | 4.82 | 52.17 | 56.99 | OK | |
r-release-macos-arm64 | 1.0.1 | 35.00 | OK | |||
r-release-macos-x86_64 | 1.0.1 | 62.00 | OK | |||
r-release-windows-x86_64 | 1.0.1 | 9.00 | 77.00 | 86.00 | OK | |
r-oldrel-macos-arm64 | 1.0.1 | 33.00 | OK | |||
r-oldrel-macos-x86_64 | 1.0.1 | 65.00 | OK | |||
r-oldrel-windows-x86_64 | 1.0.1 | 10.00 | 86.00 | 96.00 | OK |
Version: 1.0.1
Check: examples
Result: NOTE
Examples with CPU (user + system) or elapsed time > 5s
user system elapsed
fitS 6.062 0.138 7.715
Flavor: r-devel-linux-x86_64-debian-clang