Last updated on 2025-04-30 04:50:01 CEST.
Flavor | Version | Tinstall | Tcheck | Ttotal | Status | Flags |
---|---|---|---|---|---|---|
r-devel-linux-x86_64-debian-clang | 0.6.1 | 100.35 | 137.10 | 237.45 | OK | |
r-devel-linux-x86_64-debian-gcc | 0.6.1 | 59.04 | 90.84 | 149.88 | OK | |
r-devel-linux-x86_64-fedora-clang | 0.6.1 | 412.33 | OK | |||
r-devel-linux-x86_64-fedora-gcc | 0.6.1 | 368.43 | OK | |||
r-devel-windows-x86_64 | 0.6.1 | 90.00 | 221.00 | 311.00 | OK | |
r-patched-linux-x86_64 | 0.6.1 | 103.28 | 128.33 | 231.61 | OK | |
r-release-linux-x86_64 | 0.6.1 | 85.17 | 126.44 | 211.61 | OK | |
r-release-macos-arm64 | 0.6.1 | 103.00 | OK | |||
r-release-macos-x86_64 | 0.6.1 | 228.00 | OK | |||
r-release-windows-x86_64 | 0.6.1 | 90.00 | 208.00 | 298.00 | OK | |
r-oldrel-macos-arm64 | 0.6.1 | 104.00 | NOTE | |||
r-oldrel-macos-x86_64 | 0.6.1 | 188.00 | NOTE | |||
r-oldrel-windows-x86_64 | 0.6.1 | 122.00 | 246.00 | 368.00 | NOTE |
Version: 0.6.1
Check: installed package size
Result: NOTE
installed size is 9.2Mb
sub-directories of 1Mb or more:
R 5.1Mb
doc 3.2Mb
Flavors: r-oldrel-macos-arm64, r-oldrel-macos-x86_64, r-oldrel-windows-x86_64