Last updated on 2025-04-30 04:50:01 CEST.
Flavor | Version | Tinstall | Tcheck | Ttotal | Status | Flags |
---|---|---|---|---|---|---|
r-devel-linux-x86_64-debian-clang | 0.1.2 | 4.55 | 103.46 | 108.01 | NOTE | |
r-devel-linux-x86_64-debian-gcc | 0.1.2 | 3.20 | 70.03 | 73.23 | NOTE | |
r-devel-linux-x86_64-fedora-clang | 0.1.2 | 164.79 | OK | |||
r-devel-linux-x86_64-fedora-gcc | 0.1.2 | 170.27 | OK | |||
r-devel-windows-x86_64 | 0.1.2 | 7.00 | 114.00 | 121.00 | NOTE | |
r-patched-linux-x86_64 | 0.1.2 | 4.42 | 98.62 | 103.04 | NOTE | |
r-release-linux-x86_64 | 0.1.2 | 4.36 | 96.51 | 100.87 | NOTE | |
r-release-macos-arm64 | 0.1.2 | 56.00 | OK | |||
r-release-macos-x86_64 | 0.1.2 | 187.00 | OK | |||
r-release-windows-x86_64 | 0.1.2 | 8.00 | 111.00 | 119.00 | NOTE | |
r-oldrel-macos-arm64 | 0.1.2 | 56.00 | OK | |||
r-oldrel-macos-x86_64 | 0.1.2 | 91.00 | OK | |||
r-oldrel-windows-x86_64 | 0.1.2 | 8.00 | 141.00 | 149.00 | OK |
Version: 0.1.2
Check: Rd cross-references
Result: NOTE
Found the following Rd file(s) with Rd \link{} targets missing package
anchors:
pipe.Rd: magrittr
Please provide package anchors for all Rd \link{} targets not in the
package itself and the base packages.
Flavors: r-devel-linux-x86_64-debian-clang, r-devel-linux-x86_64-debian-gcc, r-devel-windows-x86_64, r-patched-linux-x86_64, r-release-linux-x86_64, r-release-windows-x86_64
Version: 0.1.2
Check: examples
Result: NOTE
Examples with CPU (user + system) or elapsed time > 5s
user system elapsed
univariate_table 4.172 0.026 6.217
Flavor: r-devel-linux-x86_64-debian-clang