CRAN Package Check Results for Package chemodiv

Last updated on 2025-04-30 04:50:01 CEST.

Flavor Version Tinstall Tcheck Ttotal Status Flags
r-devel-linux-x86_64-debian-clang 0.3.0 4.76 99.38 104.14 NOTE
r-devel-linux-x86_64-debian-gcc 0.3.0 3.41 68.01 71.42 OK
r-devel-linux-x86_64-fedora-clang 0.3.0 175.79 OK
r-devel-linux-x86_64-fedora-gcc 0.3.0 163.13 OK
r-devel-windows-x86_64 0.3.0 8.00 112.00 120.00 OK
r-patched-linux-x86_64 0.3.0 5.46 94.03 99.49 OK
r-release-linux-x86_64 0.3.0 4.77 93.24 98.01 OK
r-release-macos-arm64 0.3.0 55.00 OK
r-release-macos-x86_64 0.3.0 9.00 ERROR
r-release-windows-x86_64 0.3.0 7.00 109.00 116.00 OK
r-oldrel-macos-arm64 0.3.0 49.00 OK
r-oldrel-macos-x86_64 0.3.0 80.00 OK
r-oldrel-windows-x86_64 0.3.0 8.00 142.00 150.00 OK

Check Details

Version: 0.3.0
Check: examples
Result: NOTE Examples with CPU (user + system) or elapsed time > 5s user system elapsed chemoDivPlot 5.152 0.264 7.396 Flavor: r-devel-linux-x86_64-debian-clang

Version: 0.3.0
Check: package dependencies
Result: ERROR Packages required but not available: 'fmcsR', 'ChemmineR' See section ‘The DESCRIPTION file’ in the ‘Writing R Extensions’ manual. Flavor: r-release-macos-x86_64