Last updated on 2025-04-30 04:50:01 CEST.
Flavor | Version | Tinstall | Tcheck | Ttotal | Status | Flags |
---|---|---|---|---|---|---|
r-devel-linux-x86_64-debian-clang | 1.4.4 | 6.78 | 112.86 | 119.64 | NOTE | |
r-devel-linux-x86_64-debian-gcc | 1.4.4 | 4.57 | 74.76 | 79.33 | NOTE | |
r-devel-linux-x86_64-fedora-clang | 1.4.4 | 189.44 | OK | |||
r-devel-linux-x86_64-fedora-gcc | 1.4.4 | 193.40 | OK | |||
r-devel-windows-x86_64 | 1.4.4 | 8.00 | 160.00 | 168.00 | OK | |
r-patched-linux-x86_64 | 1.4.4 | 7.56 | 108.03 | 115.59 | OK | |
r-release-linux-x86_64 | 1.4.4 | 5.45 | 107.32 | 112.77 | OK | |
r-release-macos-arm64 | 1.4.4 | 80.00 | OK | |||
r-release-macos-x86_64 | 1.4.4 | 129.00 | OK | |||
r-release-windows-x86_64 | 1.4.4 | 9.00 | 151.00 | 160.00 | OK | |
r-oldrel-macos-arm64 | 1.4.4 | 65.00 | OK | |||
r-oldrel-macos-x86_64 | 1.4.4 | 95.00 | OK | |||
r-oldrel-windows-x86_64 | 1.4.4 | 10.00 | 182.00 | 192.00 | OK |
Version: 1.4.4
Check: examples
Result: NOTE
Examples with CPU (user + system) or elapsed time > 5s
user system elapsed
pcaCV 11.076 0.003 12.851
plotSEPprm 4.247 0.000 5.322
plotpredprm 4.238 0.003 6.356
plotresprm 4.153 0.012 5.097
Flavor: r-devel-linux-x86_64-debian-clang
Version: 1.4.4
Check: examples
Result: NOTE
Examples with CPU (user + system) or elapsed time > 5s
user system elapsed
pcaCV 4.312 0 5.477
Flavor: r-devel-linux-x86_64-debian-gcc