Last updated on 2025-04-30 04:50:01 CEST.
Flavor | Version | Tinstall | Tcheck | Ttotal | Status | Flags |
---|---|---|---|---|---|---|
r-devel-linux-x86_64-debian-clang | 1.0.1 | 6.50 | 70.52 | 77.02 | OK | |
r-devel-linux-x86_64-debian-gcc | 1.0.1 | 4.34 | 53.56 | 57.90 | OK | |
r-devel-linux-x86_64-fedora-clang | 1.0.1 | 121.05 | OK | |||
r-devel-linux-x86_64-fedora-gcc | 1.0.1 | 130.14 | OK | |||
r-devel-windows-x86_64 | 1.0.1 | 8.00 | 110.00 | 118.00 | OK | |
r-patched-linux-x86_64 | 1.0.1 | 5.77 | 66.71 | 72.48 | OK | |
r-release-linux-x86_64 | 1.0.1 | 5.88 | 67.75 | 73.63 | OK | |
r-release-macos-arm64 | 1.0.1 | 55.00 | OK | |||
r-release-macos-x86_64 | 1.0.1 | 106.00 | OK | |||
r-release-windows-x86_64 | 1.0.1 | 7.00 | 108.00 | 115.00 | OK | |
r-oldrel-macos-arm64 | 1.0.1 | 45.00 | NOTE | |||
r-oldrel-macos-x86_64 | 1.0.1 | 64.00 | NOTE | |||
r-oldrel-windows-x86_64 | 1.0.1 | 13.00 | 114.00 | 127.00 | NOTE |
Version: 1.0.1
Check: LazyData
Result: NOTE
'LazyData' is specified without a 'data' directory
Flavors: r-oldrel-macos-arm64, r-oldrel-macos-x86_64, r-oldrel-windows-x86_64