Last updated on 2025-04-30 04:50:01 CEST.
Flavor | Version | Tinstall | Tcheck | Ttotal | Status | Flags |
---|---|---|---|---|---|---|
r-devel-linux-x86_64-debian-clang | 0.3.7 | 9.66 | 116.35 | 126.01 | NOTE | |
r-devel-linux-x86_64-debian-gcc | 0.3.7 | 7.32 | 81.32 | 88.64 | NOTE | |
r-devel-linux-x86_64-fedora-clang | 0.3.7 | 180.24 | OK | |||
r-devel-linux-x86_64-fedora-gcc | 0.3.7 | 188.29 | OK | |||
r-devel-windows-x86_64 | 0.3.7 | 12.00 | 123.00 | 135.00 | OK | |
r-patched-linux-x86_64 | 0.3.7 | 10.28 | 107.70 | 117.98 | OK | |
r-release-linux-x86_64 | 0.3.7 | 8.88 | 108.07 | 116.95 | OK | |
r-release-macos-arm64 | 0.3.7 | 57.00 | OK | |||
r-release-macos-x86_64 | 0.3.7 | 172.00 | OK | |||
r-release-windows-x86_64 | 0.3.7 | 14.00 | 122.00 | 136.00 | OK | |
r-oldrel-macos-arm64 | 0.3.7 | 54.00 | OK | |||
r-oldrel-macos-x86_64 | 0.3.7 | 104.00 | OK | |||
r-oldrel-windows-x86_64 | 0.3.7 | 14.00 | 166.00 | 180.00 | OK |
Version: 0.3.7
Check: examples
Result: NOTE
Examples with CPU (user + system) or elapsed time > 5s
user system elapsed
chest_plot 7.584 0.07 10.402
Flavor: r-devel-linux-x86_64-debian-clang
Version: 0.3.7
Check: examples
Result: NOTE
Examples with CPU (user + system) or elapsed time > 5s
user system elapsed
chest_plot 5.594 0.084 7.084
Flavor: r-devel-linux-x86_64-debian-gcc