Last updated on 2025-04-30 04:50:01 CEST.
Flavor | Version | Tinstall | Tcheck | Ttotal | Status | Flags |
---|---|---|---|---|---|---|
r-devel-linux-x86_64-debian-clang | 0.2.11 | 24.13 | 961.78 | 985.91 | NOTE | |
r-devel-linux-x86_64-debian-gcc | 0.2.11 | 15.21 | 597.51 | 612.72 | OK | |
r-devel-linux-x86_64-fedora-clang | 0.2.11 | 1679.04 | OK | |||
r-devel-linux-x86_64-fedora-gcc | 0.2.11 | 1470.66 | OK | |||
r-devel-windows-x86_64 | 0.2.11 | 24.00 | 548.00 | 572.00 | OK | |
r-patched-linux-x86_64 | 0.2.11 | 25.95 | 904.02 | 929.97 | OK | |
r-release-linux-x86_64 | 0.2.11 | 22.51 | 893.56 | 916.07 | OK | |
r-release-macos-arm64 | 0.2.11 | 213.00 | OK | |||
r-release-macos-x86_64 | 0.2.11 | 410.00 | OK | |||
r-release-windows-x86_64 | 0.2.11 | 23.00 | 522.00 | 545.00 | OK | |
r-oldrel-macos-arm64 | 0.2.11 | 244.00 | OK | |||
r-oldrel-macos-x86_64 | 0.2.11 | 448.00 | OK | |||
r-oldrel-windows-x86_64 | 0.2.11 | 30.00 | 747.00 | 777.00 | OK |
Version: 0.2.11
Check: examples
Result: NOTE
Examples with CPU (user + system) or elapsed time > 5s
user system elapsed
egt01 4.628 0.015 5.695
egt05_qtcat 4.502 0.008 6.126
aet03 4.292 0.159 6.130
fstg01 3.838 0.032 5.507
fstg02 3.705 0.014 5.271
Flavor: r-devel-linux-x86_64-debian-clang