Last updated on 2025-04-30 04:50:01 CEST.
Flavor | Version | Tinstall | Tcheck | Ttotal | Status | Flags |
---|---|---|---|---|---|---|
r-devel-linux-x86_64-debian-clang | 0.1.8 | 9.88 | 521.45 | 531.33 | NOTE | |
r-devel-linux-x86_64-debian-gcc | 0.1.8 | 6.91 | 515.92 | 522.83 | NOTE | |
r-devel-linux-x86_64-fedora-clang | 0.1.8 | 762.96 | NOTE | |||
r-devel-linux-x86_64-fedora-gcc | 0.1.8 | 735.91 | NOTE | |||
r-devel-windows-x86_64 | 0.1.8 | 12.00 | 503.00 | 515.00 | OK | |
r-patched-linux-x86_64 | 0.1.8 | 11.17 | 501.45 | 512.62 | OK | |
r-release-linux-x86_64 | 0.1.8 | 10.24 | 501.79 | 512.03 | OK | |
r-release-macos-arm64 | 0.1.8 | 348.00 | OK | |||
r-release-macos-x86_64 | 0.1.8 | 605.00 | OK | |||
r-release-windows-x86_64 | 0.1.8 | 14.00 | 513.00 | 527.00 | OK | |
r-oldrel-macos-arm64 | 0.1.8 | 289.00 | NOTE | |||
r-oldrel-macos-x86_64 | 0.1.8 | 358.00 | NOTE | |||
r-oldrel-windows-x86_64 | 0.1.8 | 15.00 | 655.00 | 670.00 | NOTE |
Version: 0.1.8
Check: examples
Result: NOTE
Examples with CPU (user + system) or elapsed time > 5s
user system elapsed
fill.in.zeros 6.921 0.334 5.968
Flavor: r-devel-linux-x86_64-debian-clang
Version: 0.1.8
Check: examples
Result: NOTE
Examples with CPU (user + system) or elapsed time > 5s
user system elapsed
fill.in.zeros 5.667 0.17 5.669
Flavor: r-devel-linux-x86_64-debian-gcc
Version: 0.1.8
Check: dependencies in R code
Result: NOTE
Namespaces in Imports field not imported from:
'knitr' 'rmarkdown'
All declared Imports should be used.
Flavors: r-devel-linux-x86_64-fedora-clang, r-devel-linux-x86_64-fedora-gcc
Version: 0.1.8
Check: package dependencies
Result: NOTE
Package suggested but not available for checking: ‘countreg’
Flavors: r-oldrel-macos-arm64, r-oldrel-macos-x86_64, r-oldrel-windows-x86_64