Last updated on 2025-04-30 04:50:01 CEST.
Flavor | Version | Tinstall | Tcheck | Ttotal | Status | Flags |
---|---|---|---|---|---|---|
r-devel-linux-x86_64-debian-clang | 0.3.0 | 8.70 | 97.44 | 106.14 | NOTE | |
r-devel-linux-x86_64-debian-gcc | 0.3.0 | 5.73 | 70.57 | 76.30 | OK | |
r-devel-linux-x86_64-fedora-clang | 0.3.0 | 163.13 | OK | |||
r-devel-linux-x86_64-fedora-gcc | 0.3.0 | 176.57 | OK | |||
r-devel-windows-x86_64 | 0.3.0 | 10.00 | 104.00 | 114.00 | OK | |
r-patched-linux-x86_64 | 0.3.0 | 7.66 | 93.83 | 101.49 | OK | |
r-release-linux-x86_64 | 0.3.0 | 7.64 | 93.28 | 100.92 | OK | |
r-release-macos-arm64 | 0.3.0 | 49.00 | OK | |||
r-release-macos-x86_64 | 0.3.0 | 126.00 | OK | |||
r-release-windows-x86_64 | 0.3.0 | 12.00 | 102.00 | 114.00 | OK | |
r-oldrel-macos-arm64 | 0.3.0 | 54.00 | OK | |||
r-oldrel-macos-x86_64 | 0.3.0 | 78.00 | OK | |||
r-oldrel-windows-x86_64 | 0.3.0 | 11.00 | 125.00 | 136.00 | OK |
Version: 0.3.0
Check: examples
Result: NOTE
Examples with CPU (user + system) or elapsed time > 5s
user system elapsed
generar_circunscripciones 7.463 0.128 8.260
generar_regiones 7.194 0.094 8.146
Flavor: r-devel-linux-x86_64-debian-clang