Last updated on 2025-04-30 04:50:01 CEST.
Flavor | Version | Tinstall | Tcheck | Ttotal | Status | Flags |
---|---|---|---|---|---|---|
r-devel-linux-x86_64-debian-clang | 0.76 | 34.73 | 252.41 | 287.14 | NOTE | |
r-devel-linux-x86_64-debian-gcc | 0.76 | 21.68 | 163.01 | 184.69 | OK | |
r-devel-linux-x86_64-fedora-clang | 0.76 | 455.42 | OK | |||
r-devel-linux-x86_64-fedora-gcc | 0.76 | 442.50 | OK | |||
r-devel-windows-x86_64 | 0.76 | 40.00 | 290.00 | 330.00 | OK | |
r-patched-linux-x86_64 | 0.76 | 38.08 | 238.36 | 276.44 | OK | |
r-release-linux-x86_64 | 0.76 | 32.86 | 234.13 | 266.99 | OK | |
r-release-macos-arm64 | 0.76 | 108.00 | OK | |||
r-release-macos-x86_64 | 0.76 | 282.00 | OK | |||
r-release-windows-x86_64 | 0.76 | 45.00 | 293.00 | 338.00 | OK | |
r-oldrel-macos-arm64 | 0.76 | 258.00 | OK | |||
r-oldrel-macos-x86_64 | 0.76 | 330.00 | OK | |||
r-oldrel-windows-x86_64 | 0.76 | 51.00 | 396.00 | 447.00 | OK |
Version: 0.76
Check: examples
Result: NOTE
Examples with CPU (user + system) or elapsed time > 5s
user system elapsed
interpolate_gaps_hourly 3.87 0.008 5.124
Flavor: r-devel-linux-x86_64-debian-clang