Last updated on 2025-04-30 04:50:01 CEST.
Flavor | Version | Tinstall | Tcheck | Ttotal | Status | Flags |
---|---|---|---|---|---|---|
r-devel-linux-x86_64-debian-clang | 1.1.2 | 2.15 | 62.35 | 64.50 | NOTE | |
r-devel-linux-x86_64-debian-gcc | 1.1.2 | 1.82 | 39.53 | 41.35 | NOTE | |
r-devel-linux-x86_64-fedora-clang | 1.1.2 | 107.64 | OK | |||
r-devel-linux-x86_64-fedora-gcc | 1.1.2 | 117.17 | OK | |||
r-devel-windows-x86_64 | 1.1.2 | 3.00 | 88.00 | 91.00 | OK | |
r-patched-linux-x86_64 | 1.1.2 | 2.27 | 59.66 | 61.93 | OK | |
r-release-linux-x86_64 | 1.1.2 | 2.19 | 56.89 | 59.08 | OK | |
r-release-macos-arm64 | 1.1.2 | 34.00 | OK | |||
r-release-macos-x86_64 | 1.1.2 | 75.00 | OK | |||
r-release-windows-x86_64 | 1.1.2 | 3.00 | 86.00 | 89.00 | OK | |
r-oldrel-macos-arm64 | 1.1.2 | 37.00 | OK | |||
r-oldrel-macos-x86_64 | 1.1.2 | 55.00 | OK | |||
r-oldrel-windows-x86_64 | 1.1.2 | 5.00 | 98.00 | 103.00 | OK |
Version: 1.1.2
Check: CRAN incoming feasibility
Result: NOTE
Maintainer: ‘Michael P. Fay <mfay@niaid.nih.gov>’
No Authors@R field in DESCRIPTION.
Please add one, modifying
Authors@R: person(given = c("Michael", "P."),
family = "Fay",
role = c("aut", "cre"),
email = "mfay@niaid.nih.gov")
as necessary.
Flavors: r-devel-linux-x86_64-debian-clang, r-devel-linux-x86_64-debian-gcc