Last updated on 2025-11-03 03:49:36 CET.
| Flavor | Version | Tinstall | Tcheck | Ttotal | Status | Flags |
|---|---|---|---|---|---|---|
| r-devel-linux-x86_64-debian-clang | 4.1.1 | 4.36 | 42.17 | 46.53 | OK | |
| r-devel-linux-x86_64-debian-gcc | 4.1.1 | 3.00 | 31.95 | 34.95 | OK | |
| r-devel-linux-x86_64-fedora-clang | 4.1.1 | 73.85 | NOTE | |||
| r-devel-linux-x86_64-fedora-gcc | 4.1.1 | 85.12 | NOTE | |||
| r-devel-windows-x86_64 | 4.1.1 | 7.00 | 61.00 | 68.00 | OK | |
| r-patched-linux-x86_64 | 4.1.1 | 4.59 | 40.87 | 45.46 | OK | |
| r-release-linux-x86_64 | 4.1.1 | 3.36 | 41.16 | 44.52 | OK | |
| r-release-macos-arm64 | 4.1.1 | 3.00 | 68.00 | 71.00 | OK | |
| r-release-macos-x86_64 | 4.1.1 | 4.00 | 54.00 | 58.00 | OK | |
| r-release-windows-x86_64 | 4.1.1 | 6.00 | 61.00 | 67.00 | OK | |
| r-oldrel-macos-arm64 | 4.1.1 | 2.00 | 28.00 | 30.00 | OK | |
| r-oldrel-macos-x86_64 | 4.1.1 | 3.00 | 45.00 | 48.00 | OK | |
| r-oldrel-windows-x86_64 | 4.1.1 | 7.00 | 75.00 | 82.00 | OK |
Version: 4.1.1
Check: dependencies in R code
Result: NOTE
Namespace in Imports field not imported from: ‘htmltools’
All declared Imports should be used.
Flavors: r-devel-linux-x86_64-fedora-clang, r-devel-linux-x86_64-fedora-gcc