Last updated on 2025-04-30 04:50:01 CEST.
Flavor | Version | Tinstall | Tcheck | Ttotal | Status | Flags |
---|---|---|---|---|---|---|
r-devel-linux-x86_64-debian-clang | 0.1.3 | 7.12 | 94.84 | 101.96 | NOTE | |
r-devel-linux-x86_64-debian-gcc | 0.1.3 | 4.74 | 65.32 | 70.06 | OK | |
r-devel-linux-x86_64-fedora-clang | 0.1.3 | 147.89 | OK | |||
r-devel-linux-x86_64-fedora-gcc | 0.1.3 | 149.74 | OK | |||
r-devel-windows-x86_64 | 0.1.3 | 9.00 | 107.00 | 116.00 | OK | |
r-patched-linux-x86_64 | 0.1.3 | 6.42 | 85.70 | 92.12 | OK | |
r-release-linux-x86_64 | 0.1.3 | 6.48 | 87.10 | 93.58 | OK | |
r-release-macos-arm64 | 0.1.3 | 60.00 | OK | |||
r-release-macos-x86_64 | 0.1.3 | 108.00 | OK | |||
r-release-windows-x86_64 | 0.1.3 | 11.00 | 101.00 | 112.00 | OK | |
r-oldrel-macos-arm64 | 0.1.3 | 65.00 | OK | |||
r-oldrel-macos-x86_64 | 0.1.3 | 97.00 | OK | |||
r-oldrel-windows-x86_64 | 0.1.3 | 11.00 | 121.00 | 132.00 | OK |
Version: 0.1.3
Check: examples
Result: NOTE
Examples with CPU (user + system) or elapsed time > 5s
user system elapsed
plot_chronochrt 5.648 0.144 8.432
geom_chronochRt 4.193 0.029 5.542
Flavor: r-devel-linux-x86_64-debian-clang