Last updated on 2025-04-30 04:50:01 CEST.
Flavor | Version | Tinstall | Tcheck | Ttotal | Status | Flags |
---|---|---|---|---|---|---|
r-devel-linux-x86_64-debian-clang | 0.3.0 | 2.50 | 60.97 | 63.47 | NOTE | |
r-devel-linux-x86_64-debian-gcc | 0.3.0 | 1.83 | 44.14 | 45.97 | NOTE | |
r-devel-linux-x86_64-fedora-clang | 0.3.0 | 99.98 | OK | |||
r-devel-linux-x86_64-fedora-gcc | 0.3.0 | 111.81 | OK | |||
r-devel-windows-x86_64 | 0.3.0 | 5.00 | 105.00 | 110.00 | OK | |
r-patched-linux-x86_64 | 0.3.0 | 2.90 | 57.31 | 60.21 | OK | |
r-release-linux-x86_64 | 0.3.0 | 2.55 | 56.46 | 59.01 | OK | |
r-release-macos-arm64 | 0.3.0 | 51.00 | OK | |||
r-release-macos-x86_64 | 0.3.0 | 91.00 | OK | |||
r-release-windows-x86_64 | 0.3.0 | 6.00 | 99.00 | 105.00 | OK | |
r-oldrel-macos-arm64 | 0.3.0 | 40.00 | OK | |||
r-oldrel-macos-x86_64 | 0.3.0 | 70.00 | OK | |||
r-oldrel-windows-x86_64 | 0.3.0 | 5.00 | 102.00 | 107.00 | OK |
Version: 0.3.0
Check: CRAN incoming feasibility
Result: NOTE
Maintainer: ‘Sokbae Lee <sl3841@columbia.edu>’
The Description field contains
<arXiv:2004.08318 [econ.EM]>, accepted for publication in Journal of
Please refer to arXiv e-prints via their arXiv DOI <doi:10.48550/arXiv.YYMM.NNNNN>.
Flavors: r-devel-linux-x86_64-debian-clang, r-devel-linux-x86_64-debian-gcc
Version: 0.3.0
Check: examples
Result: NOTE
Examples with CPU (user + system) or elapsed time > 5s
user system elapsed
AAA_DML 6.635 0.384 8.759
Flavor: r-devel-linux-x86_64-debian-clang
Version: 0.3.0
Check: examples
Result: NOTE
Examples with CPU (user + system) or elapsed time > 5s
user system elapsed
AAA_DML 4.403 0.163 5.384
Flavor: r-devel-linux-x86_64-debian-gcc