CRAN Package Check Results for Package cifti

Last updated on 2025-04-30 04:50:01 CEST.

Flavor Version Tinstall Tcheck Ttotal Status Flags
r-devel-linux-x86_64-debian-clang 0.4.5 6.08 55.85 61.93 OK
r-devel-linux-x86_64-debian-gcc 0.4.5 4.15 40.84 44.99 OK
r-devel-linux-x86_64-fedora-clang 0.4.5 98.44 OK
r-devel-linux-x86_64-fedora-gcc 0.4.5 105.55 OK
r-devel-windows-x86_64 0.4.5 7.00 71.00 78.00 OK
r-patched-linux-x86_64 0.4.5 5.76 52.95 58.71 OK
r-release-linux-x86_64 0.4.5 5.29 52.10 57.39 OK
r-release-macos-arm64 0.4.5 43.00 OK
r-release-macos-x86_64 0.4.5 69.00 OK
r-release-windows-x86_64 0.4.5 6.00 74.00 80.00 OK
r-oldrel-macos-arm64 0.4.5 37.00 NOTE
r-oldrel-macos-x86_64 0.4.5 54.00 NOTE
r-oldrel-windows-x86_64 0.4.5 8.00 84.00 92.00 NOTE

Check Details

Version: 0.4.5
Check: LazyData
Result: NOTE 'LazyData' is specified without a 'data' directory Flavors: r-oldrel-macos-arm64, r-oldrel-macos-x86_64, r-oldrel-windows-x86_64