Last updated on 2025-02-21 03:52:09 CET.
Flavor | Version | Tinstall | Tcheck | Ttotal | Status | Flags |
---|---|---|---|---|---|---|
r-devel-linux-x86_64-debian-clang | 0.17.4 | 22.63 | 157.06 | 179.69 | OK | |
r-devel-linux-x86_64-debian-gcc | 0.17.4 | 13.60 | 98.31 | 111.91 | OK | |
r-devel-linux-x86_64-fedora-clang | 0.17.4 | 289.71 | OK | |||
r-devel-linux-x86_64-fedora-gcc | 0.17.4 | 290.36 | OK | |||
r-devel-macos-arm64 | 0.17.4 | 120.00 | OK | |||
r-devel-macos-x86_64 | 0.17.4 | 180.00 | OK | |||
r-devel-windows-x86_64 | 0.17.4 | 23.00 | 171.00 | 194.00 | OK | |
r-patched-linux-x86_64 | 0.17.4 | 24.77 | 145.39 | 170.16 | OK | |
r-release-linux-x86_64 | 0.17.4 | 20.42 | 145.87 | 166.29 | OK | |
r-release-macos-arm64 | 0.17.4 | 130.00 | NOTE | |||
r-release-macos-x86_64 | 0.17.4 | 215.00 | NOTE | |||
r-release-windows-x86_64 | 0.17.4 | 26.00 | 169.00 | 195.00 | NOTE | |
r-oldrel-macos-arm64 | 0.16.1 | 57.00 | NOTE | |||
r-oldrel-macos-x86_64 | 0.17.4 | 181.00 | NOTE | |||
r-oldrel-windows-x86_64 | 0.17.4 | 29.00 | 201.00 | 230.00 | NOTE |
Version: 0.17.4
Check: installed package size
Result: NOTE
installed size is 8.2Mb
sub-directories of 1Mb or more:
R 2.8Mb
extdata 4.3Mb
Flavors: r-release-macos-arm64, r-release-macos-x86_64, r-release-windows-x86_64, r-oldrel-macos-x86_64, r-oldrel-windows-x86_64
Version: 0.16.1
Check: installed package size
Result: NOTE
installed size is 7.7Mb
sub-directories of 1Mb or more:
R 2.8Mb
extdata 4.3Mb
Flavor: r-oldrel-macos-arm64