Last updated on 2025-04-30 04:50:01 CEST.
Flavor | Version | Tinstall | Tcheck | Ttotal | Status | Flags |
---|---|---|---|---|---|---|
r-devel-linux-x86_64-debian-clang | 0.4-1 | 4.63 | 44.37 | 49.00 | OK | |
r-devel-linux-x86_64-debian-gcc | 0.4-1 | 3.56 | 32.40 | 35.96 | OK | |
r-devel-linux-x86_64-fedora-clang | 0.4-1 | 79.39 | OK | |||
r-devel-linux-x86_64-fedora-gcc | 0.4-1 | 86.12 | OK | |||
r-devel-windows-x86_64 | 0.4-1 | 7.00 | 69.00 | 76.00 | OK | |
r-patched-linux-x86_64 | 0.4-1 | 4.84 | 41.71 | 46.55 | OK | |
r-release-linux-x86_64 | 0.4-1 | 3.50 | 41.67 | 45.17 | OK | |
r-release-macos-arm64 | 0.4-1 | 30.00 | OK | |||
r-release-macos-x86_64 | 0.4-1 | 62.00 | OK | |||
r-release-windows-x86_64 | 0.4-1 | 8.00 | 65.00 | 73.00 | OK | |
r-oldrel-macos-arm64 | 0.4-1 | 39.00 | NOTE | |||
r-oldrel-macos-x86_64 | 0.4-1 | 46.00 | NOTE | |||
r-oldrel-windows-x86_64 | 0.4-1 | 9.00 | 74.00 | 83.00 | NOTE |
Version: 0.4-1
Check: LazyData
Result: NOTE
'LazyData' is specified without a 'data' directory
Flavors: r-oldrel-macos-arm64, r-oldrel-macos-x86_64, r-oldrel-windows-x86_64